{"id":988501,"date":"2023-02-05T11:44:57","date_gmt":"2023-02-05T11:44:57","guid":{"rendered":"https:\/\/amp.fspac.ubbcluj.ro\/english\/?page_id=988501"},"modified":"2023-02-05T21:59:57","modified_gmt":"2023-02-05T21:59:57","slug":"publicatii-recente","status":"publish","type":"page","link":"https:\/\/amp.fspac.ubbcluj.ro\/english\/publicatii-recente\/","title":{"rendered":"Publica\u021bii recente"},"content":{"rendered":"\t\t<div data-elementor-type=\"wp-page\" data-elementor-id=\"988501\" class=\"elementor elementor-988501\" data-elementor-post-type=\"page\">\n\t\t\t\t\t\t\t\t\t<section data-particle_enable=\"false\" data-particle-mobile-disabled=\"false\" class=\"elementor-section elementor-top-section elementor-element elementor-element-3c40c12 elementor-section-height-min-height elementor-section-boxed elementor-section-height-default elementor-section-items-middle\" data-id=\"3c40c12\" data-element_type=\"section\" data-settings=\"{&quot;background_background&quot;:&quot;classic&quot;,&quot;animation&quot;:&quot;none&quot;,&quot;ekit_has_onepagescroll_dot&quot;:&quot;yes&quot;}\">\n\t\t\t\t\t\t<div class=\"elementor-container elementor-column-gap-default\">\n\t\t\t\t\t<div class=\"elementor-column elementor-col-100 elementor-top-column elementor-element elementor-element-1bb13b64\" data-id=\"1bb13b64\" data-element_type=\"column\" data-settings=\"{&quot;background_background&quot;:&quot;classic&quot;}\">\n\t\t\t<div class=\"elementor-widget-wrap\">\n\t\t\t\t\t\t\t\t\t<\/div>\n\t\t<\/div>\n\t\t\t\t\t\t\t<\/div>\n\t\t<\/section>\n\t\t\t\t<section data-particle_enable=\"false\" data-particle-mobile-disabled=\"false\" class=\"elementor-section elementor-top-section elementor-element elementor-element-55f925de elementor-section-boxed elementor-section-height-default elementor-section-height-default\" data-id=\"55f925de\" data-element_type=\"section\" data-settings=\"{&quot;animation&quot;:&quot;none&quot;,&quot;animation_tablet&quot;:&quot;none&quot;,&quot;animation_mobile&quot;:&quot;none&quot;,&quot;ekit_has_onepagescroll_dot&quot;:&quot;yes&quot;}\">\n\t\t\t\t\t\t<div class=\"elementor-container elementor-column-gap-no\">\n\t\t\t\t\t<div class=\"elementor-column elementor-col-50 elementor-top-column elementor-element elementor-element-7fc4130a animated-fast elementor-invisible\" data-id=\"7fc4130a\" data-element_type=\"column\" data-settings=\"{&quot;background_background&quot;:&quot;classic&quot;,&quot;animation&quot;:&quot;fadeIn&quot;,&quot;animation_delay&quot;:100}\">\n\t\t\t<div class=\"elementor-widget-wrap elementor-element-populated\">\n\t\t\t\t\t\t\t\t<div class=\"elementor-element elementor-element-4e7c6acb elementor-widget__width-auto elementor-widget-tablet__width-auto elementor-widget-mobile__width-inherit elementor-widget elementor-widget-heading\" data-id=\"4e7c6acb\" data-element_type=\"widget\" data-settings=\"{&quot;_animation&quot;:&quot;none&quot;,&quot;_animation_delay&quot;:200,&quot;ekit_we_effect_on&quot;:&quot;none&quot;}\" data-widget_type=\"heading.heading_charityfy\">\n\t\t\t\t<div class=\"elementor-widget-container\">\n\t\t\t<h1 class=\"elementor-heading-title elementor-size-default\">Publica\u021bii recente<\/h1>\t\t<\/div>\n\t\t\t\t<\/div>\n\t\t\t\t<div class=\"elementor-element elementor-element-2a6a52d elementor-widget elementor-widget-text-editor\" data-id=\"2a6a52d\" data-element_type=\"widget\" data-settings=\"{&quot;_animation&quot;:&quot;none&quot;,&quot;_animation_delay&quot;:300,&quot;ekit_we_effect_on&quot;:&quot;none&quot;}\" data-widget_type=\"text-editor.default\">\n\t\t\t\t<div class=\"elementor-widget-container\">\n\t\t\t\t\t\t\t<p>Form\u0103m profesioni\u0219ti din 1996.<\/p>\t\t\t\t\t\t<\/div>\n\t\t\t\t<\/div>\n\t\t\t\t\t<\/div>\n\t\t<\/div>\n\t\t\t\t<div class=\"elementor-column elementor-col-50 elementor-top-column elementor-element elementor-element-3b5ab089 elementor-hidden-desktop elementor-hidden-tablet elementor-hidden-phone\" data-id=\"3b5ab089\" data-element_type=\"column\">\n\t\t\t<div class=\"elementor-widget-wrap\">\n\t\t\t\t\t\t\t\t\t<\/div>\n\t\t<\/div>\n\t\t\t\t\t\t\t<\/div>\n\t\t<\/section>\n\t\t\t\t<section data-particle_enable=\"false\" data-particle-mobile-disabled=\"false\" class=\"elementor-section elementor-top-section elementor-element elementor-element-a66659c elementor-section-boxed elementor-section-height-default elementor-section-height-default\" data-id=\"a66659c\" data-element_type=\"section\" data-settings=\"{&quot;ekit_has_onepagescroll_dot&quot;:&quot;yes&quot;}\">\n\t\t\t\t\t\t<div class=\"elementor-container elementor-column-gap-default\">\n\t\t\t\t\t<div class=\"elementor-column elementor-col-100 elementor-top-column elementor-element elementor-element-5e8eea3\" data-id=\"5e8eea3\" data-element_type=\"column\">\n\t\t\t<div class=\"elementor-widget-wrap elementor-element-populated\">\n\t\t\t\t\t\t\t\t<div class=\"elementor-element elementor-element-c99a33b elementor-widget elementor-widget-text-editor\" data-id=\"c99a33b\" data-element_type=\"widget\" data-settings=\"{&quot;ekit_we_effect_on&quot;:&quot;none&quot;}\" data-widget_type=\"text-editor.default\">\n\t\t\t\t<div class=\"elementor-widget-container\">\n\t\t\t\t\t\t\t<p>Cadrele didactice \u0219i cercet\u0103torii DAMP desf\u0103\u0219oar\u0103 o semnificativ\u0103 activitate de cercetare cu impact interna\u021bional. Temele abordate \u0219i publicate \u00een cadrul unor reviste interna\u021bionale de prestigiu vizeaz\u0103 reforma sectorului public \u0219i a \u00eenv\u0103\u021b\u0103m\u00e2ntului de AP, buna guvernare, dezvoltare local\u0103 durabil\u0103, contracte publice etc.<\/p><p><strong>Articole ISI \u0219i BDI publicate \u00een reviste din str\u0103in\u0103tate<\/strong><\/p><p>\u00a0<\/p><ul><li><strong>Drago\u0219 Dacian Cosmin,\u00a0<\/strong><strong>Racol\u021ba Bianca-Denisa,\u00a0<\/strong><i>Comparing Legal Instruments for R&amp;D&amp;I: State Aid and Public Procurement,\u00a0<\/i>European Procurement &amp; Public Private Partnership Law Review, 2018, vol. 4, 408 \u2013 422.<\/li><li><strong>Neam\u021bu Bogdana, Drago\u0219 Dacian Cosmin,\u00a0<\/strong><i>Freedom of Information in the EU in the midst of Legal Rules, Jurisprudence and Ombudsprudence: the European Ombudsman as Developer of Norms of Good Administration,\u00a0<\/i>European Constitutional Law Review, 2017<i>,\u00a0<\/i>vol. 13, issue 4, 641 \u2013 672.<\/li><li>Nemec Juraj, Larionov Andrei<strong>, Hin\u021bea C\u0103lin Emilian,\u00a0<\/strong><i>National Curricula (Standards) in Public Administration (?),<\/i>NISPAcee Journal of Public Administration and Policy, 2017, vol. X, no. 2, Winter 2017\/2018, 155-170.<\/li><li><strong>Pavel Alexandru, Moldovan Bogdan-Andrei, Neam\u021bu Bogdana, Hin\u021bea Cristina-Maria,\u00a0<\/strong><i>Are Investments in Basic Infrastructure the Magic Wand to Boost the Local Economy of Rural Communities from Romania?,\u00a0<\/i>Sustainability, 2018, special issue, Num\u0103r identificare articol: 10.3390\/su10103384.<\/li><li><strong>Radu Bianca-Veronica,\u00a0<\/strong><i>Industrial culture of former mining communities from Romania,\u00a0<\/i>GeoScape, 2018, vol. 12, no. 1, 39 \u2013 5.<strong><br \/><\/strong>Henderson Alexander C.,<strong>\u00a0\u021aicl\u0103u Tudor-Cristian,\u00a0<\/strong>BalicaDan,<strong>\u00a0<\/strong><i>Perceptions of Discretion in Street-Level Public Service: Examining Administrative Governance in Romania,\u00a0<\/i>Public Performance &amp; Management Review, 2017, Num\u0103r identificare articol: 1400987.<\/li><\/ul><p>\u00a0<\/p><p><strong>C\u0103r\u021bi publicate la edituri interna\u021bionale de prestigiu<\/strong><\/p><p>\u00a0<\/p><ul><li><strong>Drago\u0219 Dacian Cosmin,\u00a0<\/strong><strong>Kovac Polonca, Marseille Albert,\u00a0<\/strong><i>The laws of transparency in action: a European perspective<\/i>, 2018, Palgrave\/Macmillan.<\/li><li>Loessner Arno,<strong>\u00a0Hin\u021bea C\u0103lin Emilian, Neam\u021bu Bogdana,\u00a0<\/strong><i>Learning to be an Effective Public Sector Advisor<\/i>, Nispacee Press, 2018.<br \/><br \/><\/li><\/ul><p><strong>Contribu\u021bii \u00een volume publicate la edituri interna\u021bionale de prestigiu<\/strong><\/p><p>\u00a0<\/p><ul><li><strong>Balogh Martin,\u00a0<\/strong>Jaliu Dumitru-Drago\u0219, LEADER-Rural Development Programme. Leader &#8211; Reality and perspectives, in Nicolescu Cristina Elena, Manda Cezar Corneliu, R\u0103dulescu Crina Ramona,\u00a0<i>Public policies in the Romanian local context. Strengthening the European dimension<\/i>, Lambert Academic Publishing, 2017, 83-103.<\/li><li><strong>Drago\u0219 Dacian Cosmin, Neam\u021bu Bogdana,\u00a0<\/strong>Mimicking Environmental Transparency. The Implementation of the Aarhus Convention in Romania, in Roberto Caranta, Anna Gerbrandy, Bilun M\u00fcller,\u00a0<i>The Making of a New European Legal Culture: the Aarhus Convention. At the Crossroad of Comparative Law and EU Law<\/i>, Europa Law Publishing, 2017, 205-238.<br \/><br \/><\/li><li><strong>Drago\u0219 Dacian Cosmin, Neam\u021bu Bogdana,\u00a0<\/strong>Advancing transparency in the European Union: the role of the European Ombudsman, in Herwig C.H. Hofmann and Jacques Ziller,\u00a0<i>Accountability in the EU The Role of the European Ombudsman<\/i>, Edward Elgar Publishing, 2017, 94-143.<\/li><li><strong>Drago\u0219 Dacian Cosmin, Neam\u021bu Bogdana,\u00a0<\/strong>Access to Justice under the Aarhus Convention: the Comparative View, in Roberto Caranta Anna Gerbrandy Bilun M\u00fcller,\u00a0<i>The Making of a New European Legal Culture: the Aarhus Convention At the Crossroad of Comparative Law and EU Law<\/i>, Europa Law Publishing, 2017, 369-400.<\/li><li>Curt Ioana-Paula,<strong>\u00a0Neam\u021bu Bogdana, Drago\u0219 Dacian Cosmin,\u00a0<\/strong>Streteanu Ioan Florin,<strong>\u00a0<\/strong>Romania &#8211; National report, in Tony Marguery,\u00a0<i>Mutual Trust under Pressure the Transferring of Sentenced Persons in the EU<\/i>, Wolf Legal Publishers, 2018, 313-364.<\/li><li><strong>Drago\u0219 Dacian Cosmin,\u00a0<\/strong><strong>Langbroek Philip,\u00a0<\/strong>Law and Public Administration: A Love\u2013Hate Relationship?, in E. Ongaro and S. Van Thiel,\u00a0<i>The Palgrave Handbook of Public Administration and Management in Europe<\/i>, PalgraveMacmillan,2018, 1067-1085.<\/li><li><strong>Drago\u0219 Dacian Cosmin,\u00a0<\/strong><strong>Sparios Demis-Marius,\u00a0<\/strong>Oversight and Litigation of Public Contracts in Romanian Administrative Law, in Laurence Folliot-Lalliot, Simone Toricelli,\u00a0<i>Contr\u00f4les et contentieux des contrats publics \u2013 Oversight and Challenges of Public Contracts<\/i>, Bruylant, Larcier, 2018, 199-223.<\/li><li><strong>Drago\u0219 Dacian Cosmin,\u00a0<\/strong><strong>Kovac Polonca, Marseille Albert,\u00a0<\/strong>From the Editors: The Story of a Data-Driven Comparative Legal Research Project on FOIA Implementation in Europe, in Dacian Cosmin Drago\u0219, Polonca Kovac, Albert Marseille,\u00a0<i>The Laws of Transparency in Action. A European Perspective<\/i>, Palgrave\/Macmillan, 2018, 1-9.<\/li><li><strong>Drago\u0219 Dacian Cosmin, Neam\u021bu Bogdana,\u00a0<\/strong>Freedom of Information in the European Union: Legal Challenges and Practices of EU Institutions, Dacian Cosmin Drago\u0219, Polonca Kovac, Albert Marseille,\u00a0<i>The Laws of Transparency in Action. A European Perspective<\/i>, Palgrave\/Macmillan, 2018, 11-70.<\/li><li><strong>Drago\u0219 Dacian Cosmin, Marseille Albert, Drapalova Eliska,\u00a0<\/strong>Brief Comparative Outlook on the Regulation of Parties, Procedure, and Exceptions in Different FOIAs, in Dacian Cosmin Drago\u0219, Polonca Kovac, Albert Marseille,\u00a0<i>The Laws of Transparency in Action. A European Perspective<\/i>, Palgrave\/Macmillan, 2018, 599-683.<\/li><li><strong>Hin\u021bea C\u0103lin Emilian, \u021aicl\u0103u Tudor-Cristian,\u00a0<\/strong>Public Administration Reform in Romaniaafter 25 Years., in Polonca Kovac, Mantas Bilei\u0161is,\u00a0<i>Public Administration Reforms in New Eastern European Union Member States: Post-Accession Convergence and Divergence<\/i>, Mykolas Romeris University, University of Ljubljana, 2017, 389-426.<\/li><li><strong>Radu Bianca, Drago\u0219 Dacian Cosmin,\u00a0<\/strong>Freedom of Information in Romania: Legal and Empirical Insights, in<strong>\u00a0<\/strong>Dacian Cosmin Drago\u0219, Polonca Kovac, Albert Marseille,\u00a0<i>The Laws of Transparency in Action. A European Perspective<\/i>, Palgrave\/Macmillan, 2018, 425-470.<\/li><\/ul><p>\u00a0<\/p><p><strong>Volume colective ale unor conferin\u021be interna\u021bionale<\/strong><\/p><p>\u00cen 2018 a fost publicat volumul colectiv al conferin\u021bei interna\u021bionale de administra\u021bie public\u0103 desf\u0103\u0219urat\u0103 la Cluj-Napoca \u00een perioada 2-4 noiembrie 2017,\u00a0<i>Transylvanian International Conference in Public Administration<\/i>. Volumul reune\u0219te contribu\u021bii originale a peste 40 de autori, rom\u00e2ni \u0219i str\u0103ini. Este indexat de c\u0103tre Clarivate Analytics (fostul ISI\/Thomson Reuters)<\/p>\t\t\t\t\t\t<\/div>\n\t\t\t\t<\/div>\n\t\t\t\t\t<\/div>\n\t\t<\/div>\n\t\t\t\t\t\t\t<\/div>\n\t\t<\/section>\n\t\t\t\t<section data-particle_enable=\"false\" data-particle-mobile-disabled=\"false\" class=\"elementor-section elementor-top-section elementor-element elementor-element-875a35e elementor-section-boxed elementor-section-height-default elementor-section-height-default\" data-id=\"875a35e\" data-element_type=\"section\" data-settings=\"{&quot;background_background&quot;:&quot;classic&quot;,&quot;ekit_has_onepagescroll_dot&quot;:&quot;yes&quot;}\">\n\t\t\t\t\t\t<div class=\"elementor-container elementor-column-gap-default\">\n\t\t\t\t\t<div class=\"elementor-column elementor-col-33 elementor-top-column elementor-element elementor-element-be618b7\" data-id=\"be618b7\" data-element_type=\"column\">\n\t\t\t<div class=\"elementor-widget-wrap elementor-element-populated\">\n\t\t\t\t\t\t\t\t<div class=\"elementor-element elementor-element-f056339 elementor-widget__width-auto elementor-widget elementor-widget-heading\" data-id=\"f056339\" data-element_type=\"widget\" data-settings=\"{&quot;ekit_we_effect_on&quot;:&quot;none&quot;}\" data-widget_type=\"heading.default\">\n\t\t\t\t<div class=\"elementor-widget-container\">\n\t\t\t<h3 class=\"elementor-heading-title elementor-size-default\">Vrei mai multe informa\u021bii?<\/h3>\t\t<\/div>\n\t\t\t\t<\/div>\n\t\t\t\t\t<\/div>\n\t\t<\/div>\n\t\t\t\t<div class=\"elementor-column elementor-col-33 elementor-top-column elementor-element elementor-element-7ed8966\" data-id=\"7ed8966\" data-element_type=\"column\">\n\t\t\t<div class=\"elementor-widget-wrap elementor-element-populated\">\n\t\t\t\t\t\t\t\t<div class=\"elementor-element elementor-element-c9ae428 elementor-widget__width-auto elementor-widget elementor-widget-text-editor\" data-id=\"c9ae428\" data-element_type=\"widget\" data-settings=\"{&quot;ekit_we_effect_on&quot;:&quot;none&quot;}\" data-widget_type=\"text-editor.default\">\n\t\t\t\t<div class=\"elementor-widget-container\">\n\t\t\t\t\t\t\t<p>Cau\u021bi ceva anume \u0219i nu reu\u0219e\u0219ti s\u0103 g\u0103se\u0219ti? Nicio problem\u0103! D\u0103-ne un semn \u0219i te ajut\u0103m noi. Sau poate vrei s\u0103 treci pe la noi ca s\u0103 vezi facultatea \u0219i campusul? Excelent, spune-ne c\u00e2nd \u0219i de restul ne ocup\u0103m noi!<\/p>\t\t\t\t\t\t<\/div>\n\t\t\t\t<\/div>\n\t\t\t\t\t<\/div>\n\t\t<\/div>\n\t\t\t\t<div class=\"elementor-column elementor-col-33 elementor-top-column elementor-element elementor-element-3ff6b71\" data-id=\"3ff6b71\" data-element_type=\"column\" data-settings=\"{&quot;background_background&quot;:&quot;classic&quot;}\">\n\t\t\t<div class=\"elementor-widget-wrap elementor-element-populated\">\n\t\t\t\t\t\t\t\t<div class=\"elementor-element elementor-element-6f552f3 elementor-align-justify elementor-mobile-align-left vamtam-has-underline-anim elementor-widget elementor-widget-button\" data-id=\"6f552f3\" data-element_type=\"widget\" data-settings=\"{&quot;ekit_we_effect_on&quot;:&quot;none&quot;}\" data-widget_type=\"button.default\">\n\t\t\t\t<div class=\"elementor-widget-container\">\n\t\t\t\t\t<div class=\"elementor-button-wrapper\">\n\t\t\t<a class=\"elementor-button elementor-button-link elementor-size-sm\" href=\"https:\/\/amp.fspac.ubbcluj.ro\/english\/contact\/\">\n\t\t\t\t\t\t<span class=\"elementor-button-content-wrapper\">\n\t\t\t\t\t\t<span class=\"elementor-button-icon elementor-align-icon-right\">\n\t\t\t\t<i aria-hidden=\"true\" class=\"vamtamtheme- vamtam-theme-arrow-right\"><\/i>\t\t\t<\/span>\n\t\t\t\t\t\t<span class=\"elementor-button-text\">Contacteaz\u0103-ne<\/span>\n\t\t<\/span>\n\t\t\t\t\t<\/a>\n\t\t<\/div>\n\t\t\t\t<\/div>\n\t\t\t\t<\/div>\n\t\t\t\t\t<\/div>\n\t\t<\/div>\n\t\t\t\t\t\t\t<\/div>\n\t\t<\/section>\n\t\t\t\t\t\t\t<\/div>\n\t\t","protected":false},"excerpt":{"rendered":"<p>Publica\u021bii recente Form\u0103m profesioni\u0219ti din 1996. Cadrele didactice \u0219i cercet\u0103torii DAMP desf\u0103\u0219oar\u0103 o semnificativ\u0103 activitate de cercetare cu impact interna\u021bional. Temele abordate \u0219i publicate \u00een cadrul unor reviste interna\u021bionale de prestigiu vizeaz\u0103 reforma sectorului public \u0219i a \u00eenv\u0103\u021b\u0103m\u00e2ntului de AP, buna guvernare, dezvoltare local\u0103 durabil\u0103, contracte publice etc. Articole ISI \u0219i BDI publicate \u00een reviste&#8230;<\/p>\n","protected":false},"author":1,"featured_media":0,"parent":0,"menu_order":0,"comment_status":"closed","ping_status":"closed","template":"","meta":{"footnotes":""},"class_list":["post-988501","page","type-page","status-publish","hentry"],"_links":{"self":[{"href":"https:\/\/amp.fspac.ubbcluj.ro\/english\/wp-json\/wp\/v2\/pages\/988501","targetHints":{"allow":["GET"]}}],"collection":[{"href":"https:\/\/amp.fspac.ubbcluj.ro\/english\/wp-json\/wp\/v2\/pages"}],"about":[{"href":"https:\/\/amp.fspac.ubbcluj.ro\/english\/wp-json\/wp\/v2\/types\/page"}],"author":[{"embeddable":true,"href":"https:\/\/amp.fspac.ubbcluj.ro\/english\/wp-json\/wp\/v2\/users\/1"}],"replies":[{"embeddable":true,"href":"https:\/\/amp.fspac.ubbcluj.ro\/english\/wp-json\/wp\/v2\/comments?post=988501"}],"version-history":[{"count":10,"href":"https:\/\/amp.fspac.ubbcluj.ro\/english\/wp-json\/wp\/v2\/pages\/988501\/revisions"}],"predecessor-version":[{"id":989010,"href":"https:\/\/amp.fspac.ubbcluj.ro\/english\/wp-json\/wp\/v2\/pages\/988501\/revisions\/989010"}],"wp:attachment":[{"href":"https:\/\/amp.fspac.ubbcluj.ro\/english\/wp-json\/wp\/v2\/media?parent=988501"}],"curies":[{"name":"wp","href":"https:\/\/api.w.org\/{rel}","templated":true}]}}