{"id":988054,"date":"2023-02-02T19:45:16","date_gmt":"2023-02-02T19:45:16","guid":{"rendered":"https:\/\/amp.fspac.ubbcluj.ro\/maghiara\/?page_id=988054"},"modified":"2023-02-16T08:35:58","modified_gmt":"2023-02-16T08:35:58","slug":"conferinta-internationala","status":"publish","type":"page","link":"https:\/\/amp.fspac.ubbcluj.ro\/maghiara\/conferinta-internationala\/","title":{"rendered":"Conferin\u021b\u0103 interna\u021bional\u0103"},"content":{"rendered":"\t\t<div data-elementor-type=\"wp-page\" data-elementor-id=\"988054\" class=\"elementor elementor-988054\">\n\t\t\t\t\t\t\t\t\t<section data-particle_enable=\"false\" data-particle-mobile-disabled=\"false\" class=\"elementor-section elementor-top-section elementor-element elementor-element-3c40c12 elementor-section-height-min-height elementor-section-boxed elementor-section-height-default elementor-section-items-middle\" data-id=\"3c40c12\" data-element_type=\"section\" data-settings=\"{&quot;background_background&quot;:&quot;classic&quot;,&quot;animation&quot;:&quot;none&quot;,&quot;ekit_has_onepagescroll_dot&quot;:&quot;yes&quot;}\">\n\t\t\t\t\t\t<div class=\"elementor-container elementor-column-gap-default\">\n\t\t\t\t\t<div class=\"elementor-column elementor-col-100 elementor-top-column elementor-element elementor-element-1bb13b64\" data-id=\"1bb13b64\" data-element_type=\"column\" data-settings=\"{&quot;background_background&quot;:&quot;classic&quot;}\">\n\t\t\t<div class=\"elementor-widget-wrap\">\n\t\t\t\t\t\t\t\t\t<\/div>\n\t\t<\/div>\n\t\t\t\t\t\t\t<\/div>\n\t\t<\/section>\n\t\t\t\t<section data-particle_enable=\"false\" data-particle-mobile-disabled=\"false\" class=\"elementor-section elementor-top-section elementor-element elementor-element-55f925de elementor-section-boxed elementor-section-height-default elementor-section-height-default\" data-id=\"55f925de\" data-element_type=\"section\" data-settings=\"{&quot;animation&quot;:&quot;none&quot;,&quot;animation_tablet&quot;:&quot;none&quot;,&quot;animation_mobile&quot;:&quot;none&quot;,&quot;ekit_has_onepagescroll_dot&quot;:&quot;yes&quot;}\">\n\t\t\t\t\t\t<div class=\"elementor-container elementor-column-gap-no\">\n\t\t\t\t\t<div class=\"elementor-column elementor-col-50 elementor-top-column elementor-element elementor-element-7fc4130a animated-fast elementor-invisible\" data-id=\"7fc4130a\" data-element_type=\"column\" data-settings=\"{&quot;background_background&quot;:&quot;classic&quot;,&quot;animation&quot;:&quot;fadeIn&quot;,&quot;animation_delay&quot;:100}\">\n\t\t\t<div class=\"elementor-widget-wrap elementor-element-populated\">\n\t\t\t\t\t\t\t\t<div class=\"elementor-element elementor-element-4e7c6acb elementor-widget__width-auto elementor-widget-tablet__width-auto elementor-widget-mobile__width-inherit elementor-widget elementor-widget-heading\" data-id=\"4e7c6acb\" data-element_type=\"widget\" data-settings=\"{&quot;_animation&quot;:&quot;none&quot;,&quot;_animation_delay&quot;:200,&quot;ekit_we_effect_on&quot;:&quot;none&quot;}\" data-widget_type=\"heading.heading_charityfy\">\n\t\t\t\t<div class=\"elementor-widget-container\">\n\t\t\t<h1 class=\"elementor-heading-title elementor-size-default\">NEMZETK\u00d6ZI K\u00d6ZIGAZGAT\u00c1SI KONFERENCIA<\/h1>\t\t<\/div>\n\t\t\t\t<\/div>\n\t\t\t\t\t<\/div>\n\t\t<\/div>\n\t\t\t\t<div class=\"elementor-column elementor-col-50 elementor-top-column elementor-element elementor-element-3b5ab089 elementor-hidden-desktop elementor-hidden-tablet elementor-hidden-phone\" data-id=\"3b5ab089\" data-element_type=\"column\">\n\t\t\t<div class=\"elementor-widget-wrap\">\n\t\t\t\t\t\t\t\t\t<\/div>\n\t\t<\/div>\n\t\t\t\t\t\t\t<\/div>\n\t\t<\/section>\n\t\t\t\t<section data-particle_enable=\"false\" data-particle-mobile-disabled=\"false\" class=\"elementor-section elementor-top-section elementor-element elementor-element-38fedf7 elementor-section-boxed elementor-section-height-default elementor-section-height-default\" data-id=\"38fedf7\" data-element_type=\"section\" data-settings=\"{&quot;ekit_has_onepagescroll_dot&quot;:&quot;yes&quot;}\">\n\t\t\t\t\t\t<div class=\"elementor-container elementor-column-gap-default\">\n\t\t\t\t\t<div class=\"elementor-column elementor-col-100 elementor-top-column elementor-element elementor-element-23db0c6\" data-id=\"23db0c6\" data-element_type=\"column\">\n\t\t\t<div class=\"elementor-widget-wrap elementor-element-populated\">\n\t\t\t\t\t\t\t\t<div class=\"elementor-element elementor-element-a25a9b7 elementor-widget elementor-widget-text-editor\" data-id=\"a25a9b7\" data-element_type=\"widget\" data-settings=\"{&quot;_animation&quot;:&quot;none&quot;,&quot;_animation_delay&quot;:300,&quot;_animation_tablet&quot;:&quot;none&quot;,&quot;_animation_mobile&quot;:&quot;none&quot;,&quot;ekit_we_effect_on&quot;:&quot;none&quot;}\" data-widget_type=\"text-editor.default\">\n\t\t\t\t<div class=\"elementor-widget-container\">\n\t\t\t\t\t\t\t<p>Novemberi h\u00f3napban a K\u00f6zigazgat\u00e1s- \u00e9s K\u00f6zmenedzsement Int\u00e9zet megszervezi az \u00e9ves\u00a0<i>Transylvanian International Conference in Public Administration\u00a0<\/i>nevezet\u0171 konferenci\u00e1t, egy olyan esem\u00e9nyt, amely a tan\u00e1ri kart, kutat\u00f3kat, \u00e9s gyakorlott szakembereket hivatott \u00f6sszehozni a k\u00f6zigazgat\u00e1s ter\u00fclet\u00e9r\u0151l a vil\u00e1g \u00f6sszes pontj\u00e1r\u00f3l. Az esem\u00e9ny c\u00e9lja, hogy egy olyan k\u00f6zeget hozzon l\u00e9tre a r\u00e9sztvev\u0151k sz\u00e1m\u00e1ra, amelyben azok \u00f6tleteket cser\u00e9lhetnek, bev\u00e1lt praktik\u00e1kat oszthatnak meg, \u00e9s lehet\u0151s\u00e9g\u00fck ad\u00f3dik fejleszteni a munkah\u00e1l\u00f3zataikat (netwoking) a k\u00f6vetkez\u0151 kutat\u00e1si projektek \u00e9s int\u00e9zm\u00e9ny fejleszt\u00e9sek szempontj\u00e1b\u00f3l.<\/p>\t\t\t\t\t\t<\/div>\n\t\t\t\t<\/div>\n\t\t\t\t\t<\/div>\n\t\t<\/div>\n\t\t\t\t\t\t\t<\/div>\n\t\t<\/section>\n\t\t\t\t<section data-particle_enable=\"false\" data-particle-mobile-disabled=\"false\" class=\"elementor-section elementor-top-section elementor-element elementor-element-892b4e7 elementor-section-boxed elementor-section-height-default elementor-section-height-default\" data-id=\"892b4e7\" data-element_type=\"section\" data-settings=\"{&quot;ekit_has_onepagescroll_dot&quot;:&quot;yes&quot;}\">\n\t\t\t\t\t\t<div class=\"elementor-container elementor-column-gap-default\">\n\t\t\t\t\t<div class=\"elementor-column elementor-col-100 elementor-top-column elementor-element elementor-element-2cdf302\" data-id=\"2cdf302\" data-element_type=\"column\">\n\t\t\t<div class=\"elementor-widget-wrap elementor-element-populated\">\n\t\t\t\t\t\t\t\t<div class=\"elementor-element elementor-element-473c49c elementor-widget elementor-widget-text-editor\" data-id=\"473c49c\" data-element_type=\"widget\" data-settings=\"{&quot;_animation&quot;:&quot;none&quot;,&quot;_animation_delay&quot;:300,&quot;_animation_tablet&quot;:&quot;none&quot;,&quot;_animation_mobile&quot;:&quot;none&quot;,&quot;ekit_we_effect_on&quot;:&quot;none&quot;}\" data-widget_type=\"text-editor.default\">\n\t\t\t\t<div class=\"elementor-widget-container\">\n\t\t\t\t\t\t\t<p>A konferencia keret\u00e9ben, 2017-t\u0151l kezd\u0151d\u00f6en, egy magyar nyelv\u0171 szekci\u00f3 is van szervezve amely c\u00e9lk\u00edt\u0171z\u00e9se, hogy egybegy\u0171jtse a k\u00f6zigazgat\u00e1ssal foglalkoz\u00f3 \u00e9s az abban dolgoz\u00f3, elm\u00e9leti \u00e9s gyakorlati szakembereket.<\/p><p><a href=\"http:\/\/www.apubb.ro\/intconf\/\">A konferencia honlapja itt \u00e9rhet\u0151 el.<\/a><\/p>\t\t\t\t\t\t<\/div>\n\t\t\t\t<\/div>\n\t\t\t\t\t<\/div>\n\t\t<\/div>\n\t\t\t\t\t\t\t<\/div>\n\t\t<\/section>\n\t\t\t\t<section data-particle_enable=\"false\" data-particle-mobile-disabled=\"false\" class=\"elementor-section elementor-top-section elementor-element elementor-element-788b9b6 elementor-section-boxed elementor-section-height-default elementor-section-height-default\" data-id=\"788b9b6\" data-element_type=\"section\" data-settings=\"{&quot;background_background&quot;:&quot;classic&quot;,&quot;ekit_has_onepagescroll_dot&quot;:&quot;yes&quot;}\">\n\t\t\t\t\t\t<div class=\"elementor-container elementor-column-gap-default\">\n\t\t\t\t\t<div class=\"elementor-column elementor-col-33 elementor-top-column elementor-element elementor-element-97ea58d\" data-id=\"97ea58d\" data-element_type=\"column\">\n\t\t\t<div class=\"elementor-widget-wrap elementor-element-populated\">\n\t\t\t\t\t\t\t\t<div class=\"elementor-element elementor-element-07fa49d elementor-widget__width-auto elementor-widget elementor-widget-heading\" data-id=\"07fa49d\" data-element_type=\"widget\" data-settings=\"{&quot;ekit_we_effect_on&quot;:&quot;none&quot;}\" data-widget_type=\"heading.default\">\n\t\t\t\t<div class=\"elementor-widget-container\">\n\t\t\t<h3 class=\"elementor-heading-title elementor-size-default\">K\u00e9rd\u00e9sed van?<\/h3>\t\t<\/div>\n\t\t\t\t<\/div>\n\t\t\t\t\t<\/div>\n\t\t<\/div>\n\t\t\t\t<div class=\"elementor-column elementor-col-33 elementor-top-column elementor-element elementor-element-9d99f81\" data-id=\"9d99f81\" data-element_type=\"column\">\n\t\t\t<div class=\"elementor-widget-wrap elementor-element-populated\">\n\t\t\t\t\t\t\t\t<div class=\"elementor-element elementor-element-943d681 elementor-widget__width-auto elementor-widget elementor-widget-text-editor\" data-id=\"943d681\" data-element_type=\"widget\" data-settings=\"{&quot;ekit_we_effect_on&quot;:&quot;none&quot;}\" data-widget_type=\"text-editor.default\">\n\t\t\t\t<div class=\"elementor-widget-container\">\n\t\t\t\t\t\t\t<p>Kerest\u00e9l valamit \u00e9s nem tal\u00e1ltad meg? Semmi gond! Sz\u00f3lj nek\u00fcnk \u00e9s mi seg\u00edt\u00fcnk. Vagy esetleg szeretn\u00e9l beugrani, hogy megn\u00e9zd a tantest\u00fcletet \u00e9s a kampuszt? Remek, tudasd vel\u00fcnk, hogy mikor, \u00e9s mi gondoskodunk a t\u00f6bbir\u0151l!<\/p>\t\t\t\t\t\t<\/div>\n\t\t\t\t<\/div>\n\t\t\t\t\t<\/div>\n\t\t<\/div>\n\t\t\t\t<div class=\"elementor-column elementor-col-33 elementor-top-column elementor-element elementor-element-029db01\" data-id=\"029db01\" data-element_type=\"column\" data-settings=\"{&quot;background_background&quot;:&quot;classic&quot;}\">\n\t\t\t<div class=\"elementor-widget-wrap elementor-element-populated\">\n\t\t\t\t\t\t\t\t<div class=\"elementor-element elementor-element-6daf03f elementor-align-justify elementor-mobile-align-left elementor-widget elementor-widget-button\" data-id=\"6daf03f\" data-element_type=\"widget\" data-settings=\"{&quot;ekit_we_effect_on&quot;:&quot;none&quot;}\" data-widget_type=\"button.default\">\n\t\t\t\t<div class=\"elementor-widget-container\">\n\t\t\t\t\t<div class=\"elementor-button-wrapper\">\n\t\t\t<a class=\"elementor-button elementor-button-link elementor-size-sm\" href=\"https:\/\/amp.fspac.ubbcluj.ro\/maghiara\/contact\/\">\n\t\t\t\t\t\t<span class=\"elementor-button-content-wrapper\">\n\t\t\t\t\t\t<span class=\"elementor-button-icon elementor-align-icon-right\">\n\t\t\t\t<i aria-hidden=\"true\" class=\"vamtamtheme- vamtam-theme-arrow-right\"><\/i>\t\t\t<\/span>\n\t\t\t\t\t\t<span class=\"elementor-button-text\">\u00cdrj nek\u00fcnk!<\/span>\n\t\t<\/span>\n\t\t\t\t\t<\/a>\n\t\t<\/div>\n\t\t\t\t<\/div>\n\t\t\t\t<\/div>\n\t\t\t\t\t<\/div>\n\t\t<\/div>\n\t\t\t\t\t\t\t<\/div>\n\t\t<\/section>\n\t\t\t\t\t\t\t<\/div>\n\t\t","protected":false},"excerpt":{"rendered":"<p>NEMZETK\u00d6ZI K\u00d6ZIGAZGAT\u00c1SI KONFERENCIA Novemberi h\u00f3napban a K\u00f6zigazgat\u00e1s- \u00e9s K\u00f6zmenedzsement Int\u00e9zet megszervezi az \u00e9ves\u00a0Transylvanian International Conference in Public Administration\u00a0nevezet\u0171 konferenci\u00e1t, egy olyan esem\u00e9nyt, amely a tan\u00e1ri kart, kutat\u00f3kat, \u00e9s gyakorlott szakembereket hivatott \u00f6sszehozni a k\u00f6zigazgat\u00e1s ter\u00fclet\u00e9r\u0151l a vil\u00e1g \u00f6sszes pontj\u00e1r\u00f3l. Az esem\u00e9ny c\u00e9lja, hogy egy olyan k\u00f6zeget hozzon l\u00e9tre a r\u00e9sztvev\u0151k sz\u00e1m\u00e1ra, amelyben azok \u00f6tleteket cser\u00e9lhetnek,&#8230;<\/p>\n","protected":false},"author":1,"featured_media":0,"parent":0,"menu_order":0,"comment_status":"closed","ping_status":"closed","template":"","meta":{"footnotes":""},"class_list":["post-988054","page","type-page","status-publish","hentry"],"_links":{"self":[{"href":"https:\/\/amp.fspac.ubbcluj.ro\/maghiara\/wp-json\/wp\/v2\/pages\/988054","targetHints":{"allow":["GET"]}}],"collection":[{"href":"https:\/\/amp.fspac.ubbcluj.ro\/maghiara\/wp-json\/wp\/v2\/pages"}],"about":[{"href":"https:\/\/amp.fspac.ubbcluj.ro\/maghiara\/wp-json\/wp\/v2\/types\/page"}],"author":[{"embeddable":true,"href":"https:\/\/amp.fspac.ubbcluj.ro\/maghiara\/wp-json\/wp\/v2\/users\/1"}],"replies":[{"embeddable":true,"href":"https:\/\/amp.fspac.ubbcluj.ro\/maghiara\/wp-json\/wp\/v2\/comments?post=988054"}],"version-history":[{"count":10,"href":"https:\/\/amp.fspac.ubbcluj.ro\/maghiara\/wp-json\/wp\/v2\/pages\/988054\/revisions"}],"predecessor-version":[{"id":989195,"href":"https:\/\/amp.fspac.ubbcluj.ro\/maghiara\/wp-json\/wp\/v2\/pages\/988054\/revisions\/989195"}],"wp:attachment":[{"href":"https:\/\/amp.fspac.ubbcluj.ro\/maghiara\/wp-json\/wp\/v2\/media?parent=988054"}],"curies":[{"name":"wp","href":"https:\/\/api.w.org\/{rel}","templated":true}]}}

Conferință internațională

<div data-elementor-type="wp-page" data-elementor-id="988054" class="elementor elementor-988054">
									<section data-particle_enable="false" data-particle-mobile-disabled="false" class="elementor-section elementor-top-section elementor-element elementor-element-3c40c12 elementor-section-height-min-height elementor-section-boxed elementor-section-height-default elementor-section-items-middle" data-id="3c40c12" data-element_type="section" data-settings="{&quot;background_background&quot;:&quot;classic&quot;,&quot;animation&quot;:&quot;none&quot;,&quot;ekit_has_onepagescroll_dot&quot;:&quot;yes&quot;}">
						<div class="elementor-container elementor-column-gap-default">
					<div class="elementor-column elementor-col-100 elementor-top-column elementor-element elementor-element-1bb13b64" data-id="1bb13b64" data-element_type="column" data-settings="{&quot;background_background&quot;:&quot;classic&quot;}">
			<div class="elementor-widget-wrap">
									</div>
		</div>
							</div>
		</section>
				<section data-particle_enable="false" data-particle-mobile-disabled="false" class="elementor-section elementor-top-section elementor-element elementor-element-55f925de elementor-section-boxed elementor-section-height-default elementor-section-height-default" data-id="55f925de" data-element_type="section" data-settings="{&quot;animation&quot;:&quot;none&quot;,&quot;animation_tablet&quot;:&quot;none&quot;,&quot;animation_mobile&quot;:&quot;none&quot;,&quot;ekit_has_onepagescroll_dot&quot;:&quot;yes&quot;}">
						<div class="elementor-container elementor-column-gap-no">
					<div class="elementor-column elementor-col-50 elementor-top-column elementor-element elementor-element-7fc4130a animated-fast elementor-invisible" data-id="7fc4130a" data-element_type="column" data-settings="{&quot;background_background&quot;:&quot;classic&quot;,&quot;animation&quot;:&quot;fadeIn&quot;,&quot;animation_delay&quot;:100}">
			<div class="elementor-widget-wrap elementor-element-populated">
								<div class="elementor-element elementor-element-4e7c6acb elementor-widget__width-auto elementor-widget-tablet__width-auto elementor-widget-mobile__width-inherit elementor-widget elementor-widget-heading" data-id="4e7c6acb" data-element_type="widget" data-settings="{&quot;_animation&quot;:&quot;none&quot;,&quot;_animation_delay&quot;:200,&quot;ekit_we_effect_on&quot;:&quot;none&quot;}" data-widget_type="heading.heading_charityfy">
				<div class="elementor-widget-container">
			<h1 class="elementor-heading-title elementor-size-default">NEMZETKÖZI KÖZIGAZGATÁSI KONFERENCIA</h1>		</div>
				</div>
					</div>
		</div>
				<div class="elementor-column elementor-col-50 elementor-top-column elementor-element elementor-element-3b5ab089 elementor-hidden-desktop elementor-hidden-tablet elementor-hidden-phone" data-id="3b5ab089" data-element_type="column">
			<div class="elementor-widget-wrap">
									</div>
		</div>
							</div>
		</section>
				<section data-particle_enable="false" data-particle-mobile-disabled="false" class="elementor-section elementor-top-section elementor-element elementor-element-38fedf7 elementor-section-boxed elementor-section-height-default elementor-section-height-default" data-id="38fedf7" data-element_type="section" data-settings="{&quot;ekit_has_onepagescroll_dot&quot;:&quot;yes&quot;}">
						<div class="elementor-container elementor-column-gap-default">
					<div class="elementor-column elementor-col-100 elementor-top-column elementor-element elementor-element-23db0c6" data-id="23db0c6" data-element_type="column">
			<div class="elementor-widget-wrap elementor-element-populated">
								<div class="elementor-element elementor-element-a25a9b7 elementor-widget elementor-widget-text-editor" data-id="a25a9b7" data-element_type="widget" data-settings="{&quot;_animation&quot;:&quot;none&quot;,&quot;_animation_delay&quot;:300,&quot;_animation_tablet&quot;:&quot;none&quot;,&quot;_animation_mobile&quot;:&quot;none&quot;,&quot;ekit_we_effect_on&quot;:&quot;none&quot;}" data-widget_type="text-editor.default">
				<div class="elementor-widget-container">
							<p>Novemberi hónapban a Közigazgatás- és Közmenedzsement Intézet megszervezi az éves <i>Transylvanian International Conference in Public Administration </i>nevezetű konferenciát, egy olyan eseményt, amely a tanári kart, kutatókat, és gyakorlott szakembereket hivatott összehozni a közigazgatás területéről a világ összes pontjáról. Az esemény célja, hogy egy olyan közeget hozzon létre a résztvevők számára, amelyben azok ötleteket cserélhetnek, bevált praktikákat oszthatnak meg, és lehetőségük adódik fejleszteni a munkahálózataikat (netwoking) a következő kutatási projektek és intézmény fejlesztések szempontjából.</p>						</div>
				</div>
					</div>
		</div>
							</div>
		</section>
				<section data-particle_enable="false" data-particle-mobile-disabled="false" class="elementor-section elementor-top-section elementor-element elementor-element-892b4e7 elementor-section-boxed elementor-section-height-default elementor-section-height-default" data-id="892b4e7" data-element_type="section" data-settings="{&quot;ekit_has_onepagescroll_dot&quot;:&quot;yes&quot;}">
						<div class="elementor-container elementor-column-gap-default">
					<div class="elementor-column elementor-col-100 elementor-top-column elementor-element elementor-element-2cdf302" data-id="2cdf302" data-element_type="column">
			<div class="elementor-widget-wrap elementor-element-populated">
								<div class="elementor-element elementor-element-473c49c elementor-widget elementor-widget-text-editor" data-id="473c49c" data-element_type="widget" data-settings="{&quot;_animation&quot;:&quot;none&quot;,&quot;_animation_delay&quot;:300,&quot;_animation_tablet&quot;:&quot;none&quot;,&quot;_animation_mobile&quot;:&quot;none&quot;,&quot;ekit_we_effect_on&quot;:&quot;none&quot;}" data-widget_type="text-editor.default">
				<div class="elementor-widget-container">
							<p>A konferencia keretében, 2017-től kezdődöen, egy magyar nyelvű szekció is van szervezve amely célkítűzése, hogy egybegyűjtse a közigazgatással foglalkozó és az abban dolgozó, elméleti és gyakorlati szakembereket.</p><p><a href="http://www.apubb.ro/intconf/">A konferencia honlapja itt érhető el.</a></p>						</div>
				</div>
					</div>
		</div>
							</div>
		</section>
				<section data-particle_enable="false" data-particle-mobile-disabled="false" class="elementor-section elementor-top-section elementor-element elementor-element-788b9b6 elementor-section-boxed elementor-section-height-default elementor-section-height-default" data-id="788b9b6" data-element_type="section" data-settings="{&quot;background_background&quot;:&quot;classic&quot;,&quot;ekit_has_onepagescroll_dot&quot;:&quot;yes&quot;}">
						<div class="elementor-container elementor-column-gap-default">
					<div class="elementor-column elementor-col-33 elementor-top-column elementor-element elementor-element-97ea58d" data-id="97ea58d" data-element_type="column">
			<div class="elementor-widget-wrap elementor-element-populated">
								<div class="elementor-element elementor-element-07fa49d elementor-widget__width-auto elementor-widget elementor-widget-heading" data-id="07fa49d" data-element_type="widget" data-settings="{&quot;ekit_we_effect_on&quot;:&quot;none&quot;}" data-widget_type="heading.default">
				<div class="elementor-widget-container">
			<h3 class="elementor-heading-title elementor-size-default">Kérdésed van?</h3>		</div>
				</div>
					</div>
		</div>
				<div class="elementor-column elementor-col-33 elementor-top-column elementor-element elementor-element-9d99f81" data-id="9d99f81" data-element_type="column">
			<div class="elementor-widget-wrap elementor-element-populated">
								<div class="elementor-element elementor-element-943d681 elementor-widget__width-auto elementor-widget elementor-widget-text-editor" data-id="943d681" data-element_type="widget" data-settings="{&quot;ekit_we_effect_on&quot;:&quot;none&quot;}" data-widget_type="text-editor.default">
				<div class="elementor-widget-container">
							<p>Kerestél valamit és nem találtad meg? Semmi gond! Szólj nekünk és mi segítünk. Vagy esetleg szeretnél beugrani, hogy megnézd a tantestületet és a kampuszt? Remek, tudasd velünk, hogy mikor, és mi gondoskodunk a többiről!</p>						</div>
				</div>
					</div>
		</div>
				<div class="elementor-column elementor-col-33 elementor-top-column elementor-element elementor-element-029db01" data-id="029db01" data-element_type="column" data-settings="{&quot;background_background&quot;:&quot;classic&quot;}">
			<div class="elementor-widget-wrap elementor-element-populated">
								<div class="elementor-element elementor-element-6daf03f elementor-align-justify elementor-mobile-align-left elementor-widget elementor-widget-button" data-id="6daf03f" data-element_type="widget" data-settings="{&quot;ekit_we_effect_on&quot;:&quot;none&quot;}" data-widget_type="button.default">
				<div class="elementor-widget-container">
					<div class="elementor-button-wrapper">
			<a class="elementor-button elementor-button-link elementor-size-sm" href="https://amp.fspac.ubbcluj.ro/maghiara/contact/">
						<span class="elementor-button-content-wrapper">
						<span class="elementor-button-icon elementor-align-icon-right">
				<i aria-hidden="true" class="vamtamtheme- vamtam-theme-arrow-right"></i>			</span>
						<span class="elementor-button-text">Írj nekünk!</span>
		</span>
					</a>
		</div>
				</div>
				</div>
					</div>
		</div>
							</div>
		</section>
							</div>

<p>NEMZETKÖZI KÖZIGAZGATÁSI KONFERENCIA Novemberi hónapban a Közigazgatás- és Közmenedzsement Intézet megszervezi az éves Transylvanian International Conference in Public Administration nevezetű konferenciát, egy olyan eseményt, amely a tanári kart, kutatókat, és gyakorlott szakembereket hivatott összehozni a közigazgatás területéről a világ összes pontjáról. Az esemény célja, hogy egy olyan közeget hozzon létre a résztvevők számára, amelyben azok ötleteket cserélhetnek,&#8230;</p>
