{"id":988061,"date":"2023-02-02T19:59:08","date_gmt":"2023-02-02T19:59:08","guid":{"rendered":"https:\/\/amp.fspac.ubbcluj.ro\/maghiara\/?page_id=988061"},"modified":"2023-02-16T08:41:41","modified_gmt":"2023-02-16T08:41:41","slug":"diploma-dubla","status":"publish","type":"page","link":"https:\/\/amp.fspac.ubbcluj.ro\/maghiara\/diploma-dubla\/","title":{"rendered":"Diplom\u0103 dubl\u0103"},"content":{"rendered":"\t\t<div data-elementor-type=\"wp-page\" data-elementor-id=\"988061\" class=\"elementor elementor-988061\">\n\t\t\t\t\t\t\t\t\t<section data-particle_enable=\"false\" data-particle-mobile-disabled=\"false\" class=\"elementor-section elementor-top-section elementor-element elementor-element-3c40c12 elementor-section-height-min-height elementor-section-boxed elementor-section-height-default elementor-section-items-middle\" data-id=\"3c40c12\" data-element_type=\"section\" data-settings=\"{&quot;background_background&quot;:&quot;classic&quot;,&quot;animation&quot;:&quot;none&quot;,&quot;ekit_has_onepagescroll_dot&quot;:&quot;yes&quot;}\">\n\t\t\t\t\t\t<div class=\"elementor-container elementor-column-gap-default\">\n\t\t\t\t\t<div class=\"elementor-column elementor-col-100 elementor-top-column elementor-element elementor-element-1bb13b64\" data-id=\"1bb13b64\" data-element_type=\"column\" data-settings=\"{&quot;background_background&quot;:&quot;classic&quot;}\">\n\t\t\t<div class=\"elementor-widget-wrap\">\n\t\t\t\t\t\t\t\t\t<\/div>\n\t\t<\/div>\n\t\t\t\t\t\t\t<\/div>\n\t\t<\/section>\n\t\t\t\t<section data-particle_enable=\"false\" data-particle-mobile-disabled=\"false\" class=\"elementor-section elementor-top-section elementor-element elementor-element-55f925de elementor-section-boxed elementor-section-height-default elementor-section-height-default\" data-id=\"55f925de\" data-element_type=\"section\" data-settings=\"{&quot;animation&quot;:&quot;none&quot;,&quot;animation_tablet&quot;:&quot;none&quot;,&quot;animation_mobile&quot;:&quot;none&quot;,&quot;ekit_has_onepagescroll_dot&quot;:&quot;yes&quot;}\">\n\t\t\t\t\t\t<div class=\"elementor-container elementor-column-gap-no\">\n\t\t\t\t\t<div class=\"elementor-column elementor-col-50 elementor-top-column elementor-element elementor-element-7fc4130a animated-fast elementor-invisible\" data-id=\"7fc4130a\" data-element_type=\"column\" data-settings=\"{&quot;background_background&quot;:&quot;classic&quot;,&quot;animation&quot;:&quot;fadeIn&quot;,&quot;animation_delay&quot;:100}\">\n\t\t\t<div class=\"elementor-widget-wrap elementor-element-populated\">\n\t\t\t\t\t\t\t\t<div class=\"elementor-element elementor-element-4e7c6acb elementor-widget__width-auto elementor-widget-tablet__width-auto elementor-widget-mobile__width-inherit elementor-widget elementor-widget-heading\" data-id=\"4e7c6acb\" data-element_type=\"widget\" data-settings=\"{&quot;_animation&quot;:&quot;none&quot;,&quot;_animation_delay&quot;:200,&quot;ekit_we_effect_on&quot;:&quot;none&quot;}\" data-widget_type=\"heading.heading_charityfy\">\n\t\t\t\t<div class=\"elementor-widget-container\">\n\t\t\t<h1 class=\"elementor-heading-title elementor-size-default\">KETT\u0150S K\u00c9PZ\u00c9S<\/h1>\t\t<\/div>\n\t\t\t\t<\/div>\n\t\t\t\t\t<\/div>\n\t\t<\/div>\n\t\t\t\t<div class=\"elementor-column elementor-col-50 elementor-top-column elementor-element elementor-element-3b5ab089 elementor-hidden-desktop elementor-hidden-tablet elementor-hidden-phone\" data-id=\"3b5ab089\" data-element_type=\"column\">\n\t\t\t<div class=\"elementor-widget-wrap\">\n\t\t\t\t\t\t\t\t\t<\/div>\n\t\t<\/div>\n\t\t\t\t\t\t\t<\/div>\n\t\t<\/section>\n\t\t\t\t<section data-particle_enable=\"false\" data-particle-mobile-disabled=\"false\" class=\"elementor-section elementor-top-section elementor-element elementor-element-57ba2e19 elementor-section-content-middle elementor-section-boxed elementor-section-height-default elementor-section-height-default\" data-id=\"57ba2e19\" data-element_type=\"section\" data-settings=\"{&quot;ekit_has_onepagescroll_dot&quot;:&quot;yes&quot;}\">\n\t\t\t\t\t\t<div class=\"elementor-container elementor-column-gap-no\">\n\t\t\t\t\t<div class=\"elementor-column elementor-col-50 elementor-top-column elementor-element elementor-element-6c5569f7\" data-id=\"6c5569f7\" data-element_type=\"column\">\n\t\t\t<div class=\"elementor-widget-wrap elementor-element-populated\">\n\t\t\t\t\t\t\t\t<div class=\"elementor-element elementor-element-5d499bd9 elementor-widget elementor-widget-heading\" data-id=\"5d499bd9\" data-element_type=\"widget\" data-settings=\"{&quot;ekit_we_effect_on&quot;:&quot;none&quot;}\" data-widget_type=\"heading.default\">\n\t\t\t\t<div class=\"elementor-widget-container\">\n\t\t\t<h3 class=\"elementor-heading-title elementor-size-default\">#k\u00f6zigazgat\u00e1s<\/h3>\t\t<\/div>\n\t\t\t\t<\/div>\n\t\t\t\t<div class=\"elementor-element elementor-element-6728e82a elementor-widget-divider--view-line elementor-widget elementor-widget-divider\" data-id=\"6728e82a\" data-element_type=\"widget\" data-settings=\"{&quot;ekit_we_effect_on&quot;:&quot;none&quot;}\" data-widget_type=\"divider.default\">\n\t\t\t\t<div class=\"elementor-widget-container\">\n\t\t\t\t\t<div class=\"elementor-divider\">\n\t\t\t<span class=\"elementor-divider-separator\">\n\t\t\t\t\t\t<\/span>\n\t\t<\/div>\n\t\t\t\t<\/div>\n\t\t\t\t<\/div>\n\t\t\t\t\t<\/div>\n\t\t<\/div>\n\t\t\t\t<div class=\"elementor-column elementor-col-50 elementor-top-column elementor-element elementor-element-1966d5ac\" data-id=\"1966d5ac\" data-element_type=\"column\">\n\t\t\t<div class=\"elementor-widget-wrap elementor-element-populated\">\n\t\t\t\t\t\t\t\t<div class=\"elementor-element elementor-element-306dad95 elementor-widget elementor-widget-heading\" data-id=\"306dad95\" data-element_type=\"widget\" data-settings=\"{&quot;ekit_we_effect_on&quot;:&quot;none&quot;}\" data-widget_type=\"heading.default\">\n\t\t\t\t<div class=\"elementor-widget-container\">\n\t\t\t<h5 class=\"elementor-heading-title elementor-size-default\">#k\u00f6zigazgat\u00e1s<\/h5>\t\t<\/div>\n\t\t\t\t<\/div>\n\t\t\t\t<div class=\"elementor-element elementor-element-29755920 elementor-widget elementor-widget-text-editor\" data-id=\"29755920\" data-element_type=\"widget\" data-settings=\"{&quot;ekit_we_effect_on&quot;:&quot;none&quot;}\" data-widget_type=\"text-editor.default\">\n\t\t\t\t<div class=\"elementor-widget-container\">\n\t\t\t\t\t\t\t<p>A Babe\u0219\u2013Bolyai Tudom\u00e1nyegyetem, Politika-, K\u00f6zigazgat\u00e1s- \u00e9s Kommunik\u00e1ci\u00f3tudom\u00e1nyi Kar\u00e1n m\u0171k\u00f6d\u0151\u00a0<em>K\u00f6zigazgat\u00e1s \u00e9s K\u00f6zmenedzsment Int\u00e9zete<\/em>\u00a0kett\u0151s diplom\u00e1t (double degree) biztos\u00edt\u00f3 k\u00e9pz\u00e9sr\u0151l sz\u00f3l\u00f3 keretszerz\u0151d\u00e9st \u00edrt al\u00e1 a Budapesti Corvinus Egyetem, K\u00f6zgazdas\u00e1gtudom\u00e1nyi Kar\u00e1nak,\u00a0<em>K\u00f6zgazd\u00e1lkod\u00e1s \u00e9s k\u00f6zpolitika tansz\u00e9k<\/em>\u00e9vel.<\/p><p>A k\u00e9t int\u00e9zm\u00e9ny els\u0151 \u00edzben 2014-ben k\u00f6t\u00f6tt egy\u00fcttm\u0171k\u00f6d\u00e9si meg\u00e1llapod\u00e1st az angol nyelv\u0171 k\u00f6zigazgat\u00e1si-k\u00f6zpolitikai programokra vonatkoz\u00f3 kett\u0151s diplom\u00e1t ad\u00f3 mesterk\u00e9pz\u00e9sekr\u0151l. E kor\u00e1bbi szerz\u0151d\u00e9s meghosszabb\u00edt\u00e1s\u00e1ra \u00e9s a meg\u00e1llapod\u00e1s a magyar nyelv\u0171 mesterk\u00e9pz\u00e9sekre val\u00f3 kiterjeszt\u00e9s\u00e9re ker\u00fclt sor a szerz\u0151d\u0151 felek k\u00f6z\u00f6tt az idei \u00e9v nyar\u00e1n.<\/p><p>A szerz\u0151d\u00e9s \u00e9rtelm\u00e9ben a kett\u0151s k\u00e9pz\u00e9s r\u00e9v\u00e9n a BBTE \u00e9s a Corvinus Egyetem mesteris hallgat\u00f3i beiratkozhatnak mindk\u00e9t egyetemre, Erasmus \u00f6szt\u00f6nd\u00edjban r\u00e9szes\u00fclhetnek, amelynek keret\u00e9ben a partnerint\u00e9zm\u00e9nyben zajl\u00f3 k\u00e9pz\u00e9s el\u0151ad\u00e1sait hallgathatj\u00e1k. Mindk\u00e9t karon lehet\u0151s\u00e9g van a tanulm\u00e1nyokat lez\u00e1r\u00f3 \u00e1llamvizsg\u00e1n val\u00f3 r\u00e9szv\u00e9telre \u00e9s az int\u00e9zm\u00e9nyek \u00e1ltal kibocs\u00e1jtott oklevelek megszerz\u00e9s\u00e9re.<\/p>\t\t\t\t\t\t<\/div>\n\t\t\t\t<\/div>\n\t\t\t\t\t<\/div>\n\t\t<\/div>\n\t\t\t\t\t\t\t<\/div>\n\t\t<\/section>\n\t\t\t\t<section data-particle_enable=\"false\" data-particle-mobile-disabled=\"false\" class=\"elementor-section elementor-top-section elementor-element elementor-element-7b50e29b elementor-section-content-middle elementor-section-boxed elementor-section-height-default elementor-section-height-default\" data-id=\"7b50e29b\" data-element_type=\"section\" data-settings=\"{&quot;ekit_has_onepagescroll_dot&quot;:&quot;yes&quot;}\">\n\t\t\t\t\t\t<div class=\"elementor-container elementor-column-gap-no\">\n\t\t\t\t\t<div class=\"elementor-column elementor-col-50 elementor-top-column elementor-element elementor-element-495fd425\" data-id=\"495fd425\" data-element_type=\"column\">\n\t\t\t<div class=\"elementor-widget-wrap elementor-element-populated\">\n\t\t\t\t\t\t\t\t<div class=\"elementor-element elementor-element-48777b3f elementor-widget-divider--view-line elementor-widget elementor-widget-divider\" data-id=\"48777b3f\" data-element_type=\"widget\" data-settings=\"{&quot;ekit_we_effect_on&quot;:&quot;none&quot;}\" data-widget_type=\"divider.default\">\n\t\t\t\t<div class=\"elementor-widget-container\">\n\t\t\t\t\t<div class=\"elementor-divider\">\n\t\t\t<span class=\"elementor-divider-separator\">\n\t\t\t\t\t\t<\/span>\n\t\t<\/div>\n\t\t\t\t<\/div>\n\t\t\t\t<\/div>\n\t\t\t\t<div class=\"elementor-element elementor-element-5595b3d elementor-widget elementor-widget-heading\" data-id=\"5595b3d\" data-element_type=\"widget\" data-settings=\"{&quot;ekit_we_effect_on&quot;:&quot;none&quot;}\" data-widget_type=\"heading.default\">\n\t\t\t\t<div class=\"elementor-widget-container\">\n\t\t\t<h3 class=\"elementor-heading-title elementor-size-default\">KETT\u0150S DIPLOMA<\/h3>\t\t<\/div>\n\t\t\t\t<\/div>\n\t\t\t\t\t<\/div>\n\t\t<\/div>\n\t\t\t\t<div class=\"elementor-column elementor-col-50 elementor-top-column elementor-element elementor-element-4b502201\" data-id=\"4b502201\" data-element_type=\"column\">\n\t\t\t<div class=\"elementor-widget-wrap elementor-element-populated\">\n\t\t\t\t\t\t\t\t<div class=\"elementor-element elementor-element-0705004 elementor-widget elementor-widget-text-editor\" data-id=\"0705004\" data-element_type=\"widget\" data-settings=\"{&quot;ekit_we_effect_on&quot;:&quot;none&quot;}\" data-widget_type=\"text-editor.default\">\n\t\t\t\t<div class=\"elementor-widget-container\">\n\t\t\t\t\t\t\t<p>A K\u00f6zigazgat\u00e1s- \u00e9s K\u00f6zmenedzsement Int\u00e9zet mesteri k\u00e9pz\u00e9sen angol \u00e9s magyar nyelv\u0171 tagozatokon is vezet\u0151, amelyek \u00e9vek sor\u00e1n a k\u00fclf\u00f6ldi egyetemek partners\u00e9ge \u00e1ltal alakultak ki. A partner egyetemek professzorai folyamatosan tartanak kurzusokat a k\u00e9pz\u00e9sek sor\u00e1n, valamint a kurrikulumok is a a legfrissebb trendekhez igazodnak nemzetk\u00f6zi szinteken az adott szakter\u00fcleteken. Eme k\u00e9pz\u00e9sek min\u0151s\u00e9g\u00e9nek elismer\u00e9se v\u00e9gett hozt\u00e1k l\u00e9tre a \u2019kett\u0151s diploma\u2019 lehet\u0151s\u00e9g\u00e9t \u00e9s a partner egyetemek elismer\u00e9s\u00e9t. Jelen pillanatban 3 nemzetk\u00f6zi kett\u0151s diplom\u00e1s k\u00e9pz\u00e9s van hat\u00e1lyban: a magyar nyelv\u0171 szak<\/p>\t\t\t\t\t\t<\/div>\n\t\t\t\t<\/div>\n\t\t\t\t\t<\/div>\n\t\t<\/div>\n\t\t\t\t\t\t\t<\/div>\n\t\t<\/section>\n\t\t\t\t<section data-particle_enable=\"false\" data-particle-mobile-disabled=\"false\" class=\"elementor-section elementor-top-section elementor-element elementor-element-ed18a97 elementor-section-content-middle elementor-section-boxed elementor-section-height-default elementor-section-height-default\" data-id=\"ed18a97\" data-element_type=\"section\" data-settings=\"{&quot;ekit_has_onepagescroll_dot&quot;:&quot;yes&quot;}\">\n\t\t\t\t\t\t<div class=\"elementor-container elementor-column-gap-no\">\n\t\t\t\t\t<div class=\"elementor-column elementor-col-50 elementor-top-column elementor-element elementor-element-7e45567\" data-id=\"7e45567\" data-element_type=\"column\">\n\t\t\t<div class=\"elementor-widget-wrap elementor-element-populated\">\n\t\t\t\t\t\t\t\t<div class=\"elementor-element elementor-element-823ab22 elementor-widget-divider--view-line elementor-widget elementor-widget-divider\" data-id=\"823ab22\" data-element_type=\"widget\" data-settings=\"{&quot;ekit_we_effect_on&quot;:&quot;none&quot;}\" data-widget_type=\"divider.default\">\n\t\t\t\t<div class=\"elementor-widget-container\">\n\t\t\t\t\t<div class=\"elementor-divider\">\n\t\t\t<span class=\"elementor-divider-separator\">\n\t\t\t\t\t\t<\/span>\n\t\t<\/div>\n\t\t\t\t<\/div>\n\t\t\t\t<\/div>\n\t\t\t\t<div class=\"elementor-element elementor-element-5c70a14 elementor-widget elementor-widget-heading\" data-id=\"5c70a14\" data-element_type=\"widget\" data-settings=\"{&quot;ekit_we_effect_on&quot;:&quot;none&quot;}\" data-widget_type=\"heading.default\">\n\t\t\t\t<div class=\"elementor-widget-container\">\n\t\t\t<h3 class=\"elementor-heading-title elementor-size-default\">KETT\u0150S DIPLOMA A CORVINUS EGYETEMMEL, BUDAPEST, MAGYARORSZ\u00c1G<\/h3>\t\t<\/div>\n\t\t\t\t<\/div>\n\t\t\t\t\t<\/div>\n\t\t<\/div>\n\t\t\t\t<div class=\"elementor-column elementor-col-50 elementor-top-column elementor-element elementor-element-37e303d\" data-id=\"37e303d\" data-element_type=\"column\">\n\t\t\t<div class=\"elementor-widget-wrap elementor-element-populated\">\n\t\t\t\t\t\t\t\t<div class=\"elementor-element elementor-element-5055267 elementor-widget elementor-widget-text-editor\" data-id=\"5055267\" data-element_type=\"widget\" data-settings=\"{&quot;ekit_we_effect_on&quot;:&quot;none&quot;}\" data-widget_type=\"text-editor.default\">\n\t\t\t\t<div class=\"elementor-widget-container\">\n\t\t\t\t\t\t\t<p>A kett\u0151s diploma a Corvinus Egyetemmel felt\u00e9telez egy jelentkez\u00e9si \u00e9s kiv\u00e1laszt\u00e1si folyamatot, a helyek sz\u00e1m\u00e1nak f\u00fcggv\u00e9ny\u00e9ben, valamint a rendelkez\u00e9sre \u00e1ll\u00f3 anyagi er\u0151forr\u00e1st\u00f3l. A kiv\u00e1lasztott hallgat\u00f3k egy f\u00e9l\u00e9vet kell elt\u00f6ltsenek a Corvinuson, \u00e1ltal\u00e1ban m\u00e1sod \u00e9ven. Ez a pr\u00f3baid\u0151 a szabad helyek f\u00fcggv\u00e9ny\u00e9ben finansz\u00edrozhat\u00f3 az ERASMUS+ \u00e1ltal. Azok a hallgat\u00f3k, akik megszerzik a kett\u0151s diplom\u00e1t, 30 kreditet kell el\u00e9rjenek a Corvinus Egyetemen. Egy meghat\u00e1rozott sz\u00e1mu kredit a 30-b\u00f3l Rom\u00e1ni\u00e1ban is megszerezhet\u0151, azzal a felt\u00e9tellel, hogy egy vagy t\u00f6bb kurzus a Politikatudom\u00e1nyok-, K\u00f6zigazgat\u00e1s- \u00e9s Kommunik\u00e1ci\u00f3 Karon bel\u00fcl a Corvinus Egyetemr\u0151lkinevezett professzorok tarts\u00e1k. A tanulm\u00e1nyok befejez\u00e9s\u00e9t mindk\u00e9t egyetem tan\u00e1raival k\u00f6z\u00f6sen koordin\u00e1lt dolgozat megv\u00e9d\u00e9se jelenti.<\/p>\t\t\t\t\t\t<\/div>\n\t\t\t\t<\/div>\n\t\t\t\t\t<\/div>\n\t\t<\/div>\n\t\t\t\t\t\t\t<\/div>\n\t\t<\/section>\n\t\t\t\t<section data-particle_enable=\"false\" data-particle-mobile-disabled=\"false\" class=\"elementor-section elementor-top-section elementor-element elementor-element-8d12e18 elementor-section-boxed elementor-section-height-default elementor-section-height-default\" data-id=\"8d12e18\" data-element_type=\"section\" data-settings=\"{&quot;background_background&quot;:&quot;classic&quot;,&quot;ekit_has_onepagescroll_dot&quot;:&quot;yes&quot;}\">\n\t\t\t\t\t\t<div class=\"elementor-container elementor-column-gap-default\">\n\t\t\t\t\t<div class=\"elementor-column elementor-col-33 elementor-top-column elementor-element elementor-element-fb40cb8\" data-id=\"fb40cb8\" data-element_type=\"column\">\n\t\t\t<div class=\"elementor-widget-wrap elementor-element-populated\">\n\t\t\t\t\t\t\t\t<div class=\"elementor-element elementor-element-fcd5d51 elementor-widget__width-auto elementor-widget elementor-widget-heading\" data-id=\"fcd5d51\" data-element_type=\"widget\" data-settings=\"{&quot;ekit_we_effect_on&quot;:&quot;none&quot;}\" data-widget_type=\"heading.default\">\n\t\t\t\t<div class=\"elementor-widget-container\">\n\t\t\t<h3 class=\"elementor-heading-title elementor-size-default\">K\u00e9rd\u00e9sed van?<\/h3>\t\t<\/div>\n\t\t\t\t<\/div>\n\t\t\t\t\t<\/div>\n\t\t<\/div>\n\t\t\t\t<div class=\"elementor-column elementor-col-33 elementor-top-column elementor-element elementor-element-57be52a\" data-id=\"57be52a\" data-element_type=\"column\">\n\t\t\t<div class=\"elementor-widget-wrap elementor-element-populated\">\n\t\t\t\t\t\t\t\t<div class=\"elementor-element elementor-element-c59dd6d elementor-widget__width-auto elementor-widget elementor-widget-text-editor\" data-id=\"c59dd6d\" data-element_type=\"widget\" data-settings=\"{&quot;ekit_we_effect_on&quot;:&quot;none&quot;}\" data-widget_type=\"text-editor.default\">\n\t\t\t\t<div class=\"elementor-widget-container\">\n\t\t\t\t\t\t\t<p>Kerest\u00e9l valamit \u00e9s nem tal\u00e1ltad meg? Semmi gond! Sz\u00f3lj nek\u00fcnk \u00e9s mi seg\u00edt\u00fcnk. Vagy esetleg szeretn\u00e9l beugrani, hogy megn\u00e9zd a tantest\u00fcletet \u00e9s a kampuszt? Remek, tudasd vel\u00fcnk, hogy mikor, \u00e9s mi gondoskodunk a t\u00f6bbir\u0151l!<\/p>\t\t\t\t\t\t<\/div>\n\t\t\t\t<\/div>\n\t\t\t\t\t<\/div>\n\t\t<\/div>\n\t\t\t\t<div class=\"elementor-column elementor-col-33 elementor-top-column elementor-element elementor-element-703b6bc\" data-id=\"703b6bc\" data-element_type=\"column\" data-settings=\"{&quot;background_background&quot;:&quot;classic&quot;}\">\n\t\t\t<div class=\"elementor-widget-wrap elementor-element-populated\">\n\t\t\t\t\t\t\t\t<div class=\"elementor-element elementor-element-1e679d5 elementor-align-justify elementor-mobile-align-left elementor-widget elementor-widget-button\" data-id=\"1e679d5\" data-element_type=\"widget\" data-settings=\"{&quot;ekit_we_effect_on&quot;:&quot;none&quot;}\" data-widget_type=\"button.default\">\n\t\t\t\t<div class=\"elementor-widget-container\">\n\t\t\t\t\t<div class=\"elementor-button-wrapper\">\n\t\t\t<a class=\"elementor-button elementor-button-link elementor-size-sm\" href=\"https:\/\/amp.fspac.ubbcluj.ro\/maghiara\/contact\/\">\n\t\t\t\t\t\t<span class=\"elementor-button-content-wrapper\">\n\t\t\t\t\t\t<span class=\"elementor-button-icon elementor-align-icon-right\">\n\t\t\t\t<i aria-hidden=\"true\" class=\"vamtamtheme- vamtam-theme-arrow-right\"><\/i>\t\t\t<\/span>\n\t\t\t\t\t\t<span class=\"elementor-button-text\">\u00cdrj nek\u00fcnk!<\/span>\n\t\t<\/span>\n\t\t\t\t\t<\/a>\n\t\t<\/div>\n\t\t\t\t<\/div>\n\t\t\t\t<\/div>\n\t\t\t\t\t<\/div>\n\t\t<\/div>\n\t\t\t\t\t\t\t<\/div>\n\t\t<\/section>\n\t\t\t\t<section data-particle_enable=\"false\" data-particle-mobile-disabled=\"false\" class=\"elementor-section elementor-top-section elementor-element elementor-element-255b863 elementor-section-boxed elementor-section-height-default elementor-section-height-default\" data-id=\"255b863\" data-element_type=\"section\" data-settings=\"{&quot;ekit_has_onepagescroll_dot&quot;:&quot;yes&quot;}\">\n\t\t\t\t\t\t<div class=\"elementor-container elementor-column-gap-default\">\n\t\t\t\t\t<div class=\"elementor-column elementor-col-100 elementor-top-column elementor-element elementor-element-e3875d5\" data-id=\"e3875d5\" data-element_type=\"column\">\n\t\t\t<div class=\"elementor-widget-wrap\">\n\t\t\t\t\t\t\t\t\t<\/div>\n\t\t<\/div>\n\t\t\t\t\t\t\t<\/div>\n\t\t<\/section>\n\t\t\t\t\t\t\t<\/div>\n\t\t","protected":false},"excerpt":{"rendered":"<p>KETT\u0150S K\u00c9PZ\u00c9S #k\u00f6zigazgat\u00e1s #k\u00f6zigazgat\u00e1s A Babe\u0219\u2013Bolyai Tudom\u00e1nyegyetem, Politika-, K\u00f6zigazgat\u00e1s- \u00e9s Kommunik\u00e1ci\u00f3tudom\u00e1nyi Kar\u00e1n m\u0171k\u00f6d\u0151\u00a0K\u00f6zigazgat\u00e1s \u00e9s K\u00f6zmenedzsment Int\u00e9zete\u00a0kett\u0151s diplom\u00e1t (double degree) biztos\u00edt\u00f3 k\u00e9pz\u00e9sr\u0151l sz\u00f3l\u00f3 keretszerz\u0151d\u00e9st \u00edrt al\u00e1 a Budapesti Corvinus Egyetem, K\u00f6zgazdas\u00e1gtudom\u00e1nyi Kar\u00e1nak,\u00a0K\u00f6zgazd\u00e1lkod\u00e1s \u00e9s k\u00f6zpolitika tansz\u00e9k\u00e9vel. A k\u00e9t int\u00e9zm\u00e9ny els\u0151 \u00edzben 2014-ben k\u00f6t\u00f6tt egy\u00fcttm\u0171k\u00f6d\u00e9si meg\u00e1llapod\u00e1st az angol nyelv\u0171 k\u00f6zigazgat\u00e1si-k\u00f6zpolitikai programokra vonatkoz\u00f3 kett\u0151s diplom\u00e1t ad\u00f3 mesterk\u00e9pz\u00e9sekr\u0151l. E kor\u00e1bbi&#8230;<\/p>\n","protected":false},"author":1,"featured_media":0,"parent":0,"menu_order":0,"comment_status":"closed","ping_status":"closed","template":"","meta":{"footnotes":""},"class_list":["post-988061","page","type-page","status-publish","hentry"],"_links":{"self":[{"href":"https:\/\/amp.fspac.ubbcluj.ro\/maghiara\/wp-json\/wp\/v2\/pages\/988061","targetHints":{"allow":["GET"]}}],"collection":[{"href":"https:\/\/amp.fspac.ubbcluj.ro\/maghiara\/wp-json\/wp\/v2\/pages"}],"about":[{"href":"https:\/\/amp.fspac.ubbcluj.ro\/maghiara\/wp-json\/wp\/v2\/types\/page"}],"author":[{"embeddable":true,"href":"https:\/\/amp.fspac.ubbcluj.ro\/maghiara\/wp-json\/wp\/v2\/users\/1"}],"replies":[{"embeddable":true,"href":"https:\/\/amp.fspac.ubbcluj.ro\/maghiara\/wp-json\/wp\/v2\/comments?post=988061"}],"version-history":[{"count":10,"href":"https:\/\/amp.fspac.ubbcluj.ro\/maghiara\/wp-json\/wp\/v2\/pages\/988061\/revisions"}],"predecessor-version":[{"id":989201,"href":"https:\/\/amp.fspac.ubbcluj.ro\/maghiara\/wp-json\/wp\/v2\/pages\/988061\/revisions\/989201"}],"wp:attachment":[{"href":"https:\/\/amp.fspac.ubbcluj.ro\/maghiara\/wp-json\/wp\/v2\/media?parent=988061"}],"curies":[{"name":"wp","href":"https:\/\/api.w.org\/{rel}","templated":true}]}}