{"id":988657,"date":"2023-02-05T17:52:56","date_gmt":"2023-02-05T17:52:56","guid":{"rendered":"https:\/\/amp.fspac.ubbcluj.ro\/maghiara\/?page_id=988657"},"modified":"2023-02-15T18:56:14","modified_gmt":"2023-02-15T18:56:14","slug":"internship-in-institutii-publice-si-non-profit","status":"publish","type":"page","link":"https:\/\/amp.fspac.ubbcluj.ro\/maghiara\/internship-in-institutii-publice-si-non-profit\/","title":{"rendered":"Internship \u00een institu\u021bii publice \u0219i non-profit"},"content":{"rendered":"\t\t<div data-elementor-type=\"wp-page\" data-elementor-id=\"988657\" class=\"elementor elementor-988657\">\n\t\t\t\t\t\t\t\t\t<section data-particle_enable=\"false\" data-particle-mobile-disabled=\"false\" class=\"elementor-section elementor-top-section elementor-element elementor-element-3c40c12 elementor-section-height-min-height elementor-section-boxed elementor-section-height-default elementor-section-items-middle\" data-id=\"3c40c12\" data-element_type=\"section\" data-settings=\"{&quot;background_background&quot;:&quot;classic&quot;,&quot;animation&quot;:&quot;none&quot;,&quot;ekit_has_onepagescroll_dot&quot;:&quot;yes&quot;}\">\n\t\t\t\t\t\t<div class=\"elementor-container elementor-column-gap-default\">\n\t\t\t\t\t<div class=\"elementor-column elementor-col-100 elementor-top-column elementor-element elementor-element-1bb13b64\" data-id=\"1bb13b64\" data-element_type=\"column\" data-settings=\"{&quot;background_background&quot;:&quot;classic&quot;}\">\n\t\t\t<div class=\"elementor-widget-wrap\">\n\t\t\t\t\t\t\t\t\t<\/div>\n\t\t<\/div>\n\t\t\t\t\t\t\t<\/div>\n\t\t<\/section>\n\t\t\t\t<section data-particle_enable=\"false\" data-particle-mobile-disabled=\"false\" class=\"elementor-section elementor-top-section elementor-element elementor-element-55f925de elementor-section-boxed elementor-section-height-default elementor-section-height-default\" data-id=\"55f925de\" data-element_type=\"section\" data-settings=\"{&quot;animation&quot;:&quot;none&quot;,&quot;animation_tablet&quot;:&quot;none&quot;,&quot;animation_mobile&quot;:&quot;none&quot;,&quot;ekit_has_onepagescroll_dot&quot;:&quot;yes&quot;}\">\n\t\t\t\t\t\t<div class=\"elementor-container elementor-column-gap-no\">\n\t\t\t\t\t<div class=\"elementor-column elementor-col-50 elementor-top-column elementor-element elementor-element-7fc4130a animated-fast elementor-invisible\" data-id=\"7fc4130a\" data-element_type=\"column\" data-settings=\"{&quot;background_background&quot;:&quot;classic&quot;,&quot;animation&quot;:&quot;fadeIn&quot;,&quot;animation_delay&quot;:100}\">\n\t\t\t<div class=\"elementor-widget-wrap elementor-element-populated\">\n\t\t\t\t\t\t\t\t<div class=\"elementor-element elementor-element-4e7c6acb elementor-widget__width-auto elementor-widget-tablet__width-auto elementor-widget-mobile__width-inherit elementor-widget elementor-widget-heading\" data-id=\"4e7c6acb\" data-element_type=\"widget\" data-settings=\"{&quot;_animation&quot;:&quot;none&quot;,&quot;_animation_delay&quot;:200,&quot;ekit_we_effect_on&quot;:&quot;none&quot;}\" data-widget_type=\"heading.heading_charityfy\">\n\t\t\t\t<div class=\"elementor-widget-container\">\n\t\t\t<h1 class=\"elementor-heading-title elementor-size-default\">INTERNSHIP \u00c9S GYAKORNOKI PROGRAMOK<\/h1>\t\t<\/div>\n\t\t\t\t<\/div>\n\t\t\t\t\t<\/div>\n\t\t<\/div>\n\t\t\t\t<div class=\"elementor-column elementor-col-50 elementor-top-column elementor-element elementor-element-3b5ab089 elementor-hidden-desktop elementor-hidden-tablet elementor-hidden-phone\" data-id=\"3b5ab089\" data-element_type=\"column\">\n\t\t\t<div class=\"elementor-widget-wrap\">\n\t\t\t\t\t\t\t\t\t<\/div>\n\t\t<\/div>\n\t\t\t\t\t\t\t<\/div>\n\t\t<\/section>\n\t\t\t\t<section data-particle_enable=\"false\" data-particle-mobile-disabled=\"false\" class=\"elementor-section elementor-top-section elementor-element elementor-element-de3ee40 elementor-section-content-middle elementor-section-boxed elementor-section-height-default elementor-section-height-default\" data-id=\"de3ee40\" data-element_type=\"section\" data-settings=\"{&quot;ekit_has_onepagescroll_dot&quot;:&quot;yes&quot;}\">\n\t\t\t\t\t\t<div class=\"elementor-container elementor-column-gap-no\">\n\t\t\t\t\t<div class=\"elementor-column elementor-col-50 elementor-top-column elementor-element elementor-element-7a44bf4\" data-id=\"7a44bf4\" data-element_type=\"column\">\n\t\t\t<div class=\"elementor-widget-wrap elementor-element-populated\">\n\t\t\t\t\t\t\t\t<div class=\"elementor-element elementor-element-d6905ae elementor-widget-divider--view-line elementor-widget elementor-widget-divider\" data-id=\"d6905ae\" data-element_type=\"widget\" data-settings=\"{&quot;ekit_we_effect_on&quot;:&quot;none&quot;}\" data-widget_type=\"divider.default\">\n\t\t\t\t<div class=\"elementor-widget-container\">\n\t\t\t\t\t<div class=\"elementor-divider\">\n\t\t\t<span class=\"elementor-divider-separator\">\n\t\t\t\t\t\t<\/span>\n\t\t<\/div>\n\t\t\t\t<\/div>\n\t\t\t\t<\/div>\n\t\t\t\t<div class=\"elementor-element elementor-element-ce8246c elementor-widget elementor-widget-heading\" data-id=\"ce8246c\" data-element_type=\"widget\" data-settings=\"{&quot;ekit_we_effect_on&quot;:&quot;none&quot;}\" data-widget_type=\"heading.default\">\n\t\t\t\t<div class=\"elementor-widget-container\">\n\t\t\t<h4 class=\"elementor-heading-title elementor-size-default\">FIZETETT GYAKORNOKI PROGRAM A SZIL\u00c1GY MEGYEI TAN\u00c1CSN\u00c1L<\/h4>\t\t<\/div>\n\t\t\t\t<\/div>\n\t\t\t\t\t<\/div>\n\t\t<\/div>\n\t\t\t\t<div class=\"elementor-column elementor-col-50 elementor-top-column elementor-element elementor-element-5d08388\" data-id=\"5d08388\" data-element_type=\"column\">\n\t\t\t<div class=\"elementor-widget-wrap elementor-element-populated\">\n\t\t\t\t\t\t\t\t<div class=\"elementor-element elementor-element-9d078a1 elementor-widget elementor-widget-text-editor\" data-id=\"9d078a1\" data-element_type=\"widget\" data-settings=\"{&quot;ekit_we_effect_on&quot;:&quot;none&quot;}\" data-widget_type=\"text-editor.default\">\n\t\t\t\t<div class=\"elementor-widget-container\">\n\t\t\t\t\t\t\t<ul><li>Az RMDSZ kezdem\u00e9nyez\u00e9s\u00e9re, a Szil\u00e1gy Megyei Tan\u00e1cs gy\u0171l\u00e9s\u00e9s d\u00f6nt\u00f6ttek a gyakornoki program l\u00e9trehoz\u00e1s\u00e1r\u00f3l, olyan egyetemi v\u00e9gzetts\u00e9ggel rendelkez\u0151 p\u00e1lyakezd\u0151k sz\u00e1m\u00e1ra, akik a munkaer\u0151piacon val\u00f3 elhelyezked\u00e9s\u00fcket megel\u0151z\u0151en szeretn\u00e9nek hasznos tapasztalatra szert tenni a megyei tan\u00e1csn\u00e1l.<\/li><\/ul><ul><li>\u00a0A 6 h\u00f3napon \u00e1t tart\u00f3 gyakornoki program<strong>\u00a0<\/strong>napi 6 \u00f3r\u00e1s beoszt\u00e1sban val\u00f3sul meg, a r\u00e9sztvev\u0151k pedig havi brutt\u00f3 3410 lejes \u00f6sszegben r\u00e9szes\u00fclnek.<\/li><\/ul><ul><li>A programot j\u00f6v\u0151 h\u00f3napt\u00f3l kezd\u0151d\u0151en \u00e9vente legfeljebb k\u00e9tszer hirdetik meg, amelyen egyszerre 6 fiatal vehet r\u00e9szt, a k\u00f6vetkez\u0151 szakter\u00fcletekr\u0151l: jogi, k\u00f6zigazgat\u00e1si, eur\u00f3pai tanulm\u00e1nyok, nemzetk\u00f6zi kapcsolatok \u00e9s m\u0171szaki v\u00e9gzetts\u00e9ggel rendelkez\u0151k.<\/li><\/ul><ul><li>Az\u00e9rt sz\u00fcletett meg ez a kezdem\u00e9nyez\u00e9s, mert rendk\u00edv\u00fcl fontosnak tartt\u00e1k, hogy a p\u00e1lyakezd\u0151 fiataloknak lehet\u0151s\u00e9get biztos\u00edtsanak szakmai tapasztalat szerz\u00e9s\u00e9re, hiszen ez seg\u00edti a munkaer\u0151piacon val\u00f3 elhelyezked\u00e9s\u00fcket, ugyanakkor a k\u00f6zigazgat\u00e1s ter\u00fclet\u00e9n szerzett tud\u00e1st az \u00e9let sz\u00e1mos ter\u00fclet\u00e9n kamatoztatni tudj\u00e1k azok, akik r\u00e9szt vesznek a programban.<\/li><li>R\u00e9szletek:\u00a0<a href=\"https:\/\/www.facebook.com\/1174512932579230\/photos\/a.2414440841919760\/4807790245918129\/\">https:\/\/www.facebook.com\/1174512932579230\/photos\/a&#8230;<\/a><\/li><\/ul>\t\t\t\t\t\t<\/div>\n\t\t\t\t<\/div>\n\t\t\t\t\t<\/div>\n\t\t<\/div>\n\t\t\t\t\t\t\t<\/div>\n\t\t<\/section>\n\t\t\t\t<section data-particle_enable=\"false\" data-particle-mobile-disabled=\"false\" class=\"elementor-section elementor-top-section elementor-element elementor-element-01d915b elementor-section-boxed elementor-section-height-default elementor-section-height-default\" data-id=\"01d915b\" data-element_type=\"section\" data-settings=\"{&quot;background_background&quot;:&quot;classic&quot;,&quot;ekit_has_onepagescroll_dot&quot;:&quot;yes&quot;}\">\n\t\t\t\t\t\t<div class=\"elementor-container elementor-column-gap-default\">\n\t\t\t\t\t<div class=\"elementor-column elementor-col-33 elementor-top-column elementor-element elementor-element-45ed26d\" data-id=\"45ed26d\" data-element_type=\"column\">\n\t\t\t<div class=\"elementor-widget-wrap elementor-element-populated\">\n\t\t\t\t\t\t\t\t<div class=\"elementor-element elementor-element-5138182 elementor-widget__width-auto elementor-widget elementor-widget-heading\" data-id=\"5138182\" data-element_type=\"widget\" data-settings=\"{&quot;ekit_we_effect_on&quot;:&quot;none&quot;}\" data-widget_type=\"heading.default\">\n\t\t\t\t<div class=\"elementor-widget-container\">\n\t\t\t<h3 class=\"elementor-heading-title elementor-size-default\">K\u00e9rd\u00e9sed van?<\/h3>\t\t<\/div>\n\t\t\t\t<\/div>\n\t\t\t\t\t<\/div>\n\t\t<\/div>\n\t\t\t\t<div class=\"elementor-column elementor-col-33 elementor-top-column elementor-element elementor-element-775b3ac\" data-id=\"775b3ac\" data-element_type=\"column\">\n\t\t\t<div class=\"elementor-widget-wrap elementor-element-populated\">\n\t\t\t\t\t\t\t\t<div class=\"elementor-element elementor-element-c7ef21c elementor-widget__width-auto elementor-widget elementor-widget-text-editor\" data-id=\"c7ef21c\" data-element_type=\"widget\" data-settings=\"{&quot;ekit_we_effect_on&quot;:&quot;none&quot;}\" data-widget_type=\"text-editor.default\">\n\t\t\t\t<div class=\"elementor-widget-container\">\n\t\t\t\t\t\t\t<p>Kerest\u00e9l valamit \u00e9s nem tal\u00e1ltad meg? Semmi gond! Sz\u00f3lj nek\u00fcnk \u00e9s mi seg\u00edt\u00fcnk. Vagy esetleg szeretn\u00e9l beugrani, hogy megn\u00e9zd a tantest\u00fcletet \u00e9s a kampuszt? Remek, tudasd vel\u00fcnk, hogy mikor, \u00e9s mi gondoskodunk a t\u00f6bbir\u0151l!<\/p>\t\t\t\t\t\t<\/div>\n\t\t\t\t<\/div>\n\t\t\t\t\t<\/div>\n\t\t<\/div>\n\t\t\t\t<div class=\"elementor-column elementor-col-33 elementor-top-column elementor-element elementor-element-c3cd22e\" data-id=\"c3cd22e\" data-element_type=\"column\" data-settings=\"{&quot;background_background&quot;:&quot;classic&quot;}\">\n\t\t\t<div class=\"elementor-widget-wrap elementor-element-populated\">\n\t\t\t\t\t\t\t\t<div class=\"elementor-element elementor-element-eedbd5d elementor-align-justify elementor-mobile-align-left elementor-widget elementor-widget-button\" data-id=\"eedbd5d\" data-element_type=\"widget\" data-settings=\"{&quot;ekit_we_effect_on&quot;:&quot;none&quot;}\" data-widget_type=\"button.default\">\n\t\t\t\t<div class=\"elementor-widget-container\">\n\t\t\t\t\t<div class=\"elementor-button-wrapper\">\n\t\t\t<a class=\"elementor-button elementor-button-link elementor-size-sm\" href=\"https:\/\/amp.fspac.ubbcluj.ro\/maghiara\/contact\/\">\n\t\t\t\t\t\t<span class=\"elementor-button-content-wrapper\">\n\t\t\t\t\t\t<span class=\"elementor-button-icon elementor-align-icon-right\">\n\t\t\t\t<i aria-hidden=\"true\" class=\"vamtamtheme- vamtam-theme-arrow-right\"><\/i>\t\t\t<\/span>\n\t\t\t\t\t\t<span class=\"elementor-button-text\">\u00cdrj nek\u00fcnk!<\/span>\n\t\t<\/span>\n\t\t\t\t\t<\/a>\n\t\t<\/div>\n\t\t\t\t<\/div>\n\t\t\t\t<\/div>\n\t\t\t\t\t<\/div>\n\t\t<\/div>\n\t\t\t\t\t\t\t<\/div>\n\t\t<\/section>\n\t\t\t\t\t\t\t<\/div>\n\t\t","protected":false},"excerpt":{"rendered":"<p>INTERNSHIP \u00c9S GYAKORNOKI PROGRAMOK FIZETETT GYAKORNOKI PROGRAM A SZIL\u00c1GY MEGYEI TAN\u00c1CSN\u00c1L Az RMDSZ kezdem\u00e9nyez\u00e9s\u00e9re, a Szil\u00e1gy Megyei Tan\u00e1cs gy\u0171l\u00e9s\u00e9s d\u00f6nt\u00f6ttek a gyakornoki program l\u00e9trehoz\u00e1s\u00e1r\u00f3l, olyan egyetemi v\u00e9gzetts\u00e9ggel rendelkez\u0151 p\u00e1lyakezd\u0151k sz\u00e1m\u00e1ra, akik a munkaer\u0151piacon val\u00f3 elhelyezked\u00e9s\u00fcket megel\u0151z\u0151en szeretn\u00e9nek hasznos tapasztalatra szert tenni a megyei tan\u00e1csn\u00e1l. \u00a0A 6 h\u00f3napon \u00e1t tart\u00f3 gyakornoki program\u00a0napi 6 \u00f3r\u00e1s beoszt\u00e1sban val\u00f3sul&#8230;<\/p>\n","protected":false},"author":1,"featured_media":0,"parent":0,"menu_order":0,"comment_status":"closed","ping_status":"closed","template":"","meta":{"footnotes":""},"class_list":["post-988657","page","type-page","status-publish","hentry"],"_links":{"self":[{"href":"https:\/\/amp.fspac.ubbcluj.ro\/maghiara\/wp-json\/wp\/v2\/pages\/988657","targetHints":{"allow":["GET"]}}],"collection":[{"href":"https:\/\/amp.fspac.ubbcluj.ro\/maghiara\/wp-json\/wp\/v2\/pages"}],"about":[{"href":"https:\/\/amp.fspac.ubbcluj.ro\/maghiara\/wp-json\/wp\/v2\/types\/page"}],"author":[{"embeddable":true,"href":"https:\/\/amp.fspac.ubbcluj.ro\/maghiara\/wp-json\/wp\/v2\/users\/1"}],"replies":[{"embeddable":true,"href":"https:\/\/amp.fspac.ubbcluj.ro\/maghiara\/wp-json\/wp\/v2\/comments?post=988657"}],"version-history":[{"count":13,"href":"https:\/\/amp.fspac.ubbcluj.ro\/maghiara\/wp-json\/wp\/v2\/pages\/988657\/revisions"}],"predecessor-version":[{"id":989171,"href":"https:\/\/amp.fspac.ubbcluj.ro\/maghiara\/wp-json\/wp\/v2\/pages\/988657\/revisions\/989171"}],"wp:attachment":[{"href":"https:\/\/amp.fspac.ubbcluj.ro\/maghiara\/wp-json\/wp\/v2\/media?parent=988657"}],"curies":[{"name":"wp","href":"https:\/\/api.w.org\/{rel}","templated":true}]}}