{"id":988693,"date":"2023-02-05T18:15:28","date_gmt":"2023-02-05T18:15:28","guid":{"rendered":"https:\/\/amp.fspac.ubbcluj.ro\/maghiara\/?page_id=988693"},"modified":"2023-02-15T18:43:50","modified_gmt":"2023-02-15T18:43:50","slug":"formulare-si-regulamente","status":"publish","type":"page","link":"https:\/\/amp.fspac.ubbcluj.ro\/maghiara\/formulare-si-regulamente\/","title":{"rendered":"Formulare \u0219i regulamente"},"content":{"rendered":"\t\t<div data-elementor-type=\"wp-page\" data-elementor-id=\"988693\" class=\"elementor elementor-988693\">\n\t\t\t\t\t\t\t\t\t<section data-particle_enable=\"false\" data-particle-mobile-disabled=\"false\" class=\"elementor-section elementor-top-section elementor-element elementor-element-3c40c12 elementor-section-height-min-height elementor-section-boxed elementor-section-height-default elementor-section-items-middle\" data-id=\"3c40c12\" data-element_type=\"section\" data-settings=\"{&quot;background_background&quot;:&quot;classic&quot;,&quot;animation&quot;:&quot;none&quot;,&quot;ekit_has_onepagescroll_dot&quot;:&quot;yes&quot;}\">\n\t\t\t\t\t\t<div class=\"elementor-container elementor-column-gap-default\">\n\t\t\t\t\t<div class=\"elementor-column elementor-col-100 elementor-top-column elementor-element elementor-element-1bb13b64\" data-id=\"1bb13b64\" data-element_type=\"column\" data-settings=\"{&quot;background_background&quot;:&quot;classic&quot;}\">\n\t\t\t<div class=\"elementor-widget-wrap\">\n\t\t\t\t\t\t\t\t\t<\/div>\n\t\t<\/div>\n\t\t\t\t\t\t\t<\/div>\n\t\t<\/section>\n\t\t\t\t<section data-particle_enable=\"false\" data-particle-mobile-disabled=\"false\" class=\"elementor-section elementor-top-section elementor-element elementor-element-55f925de elementor-section-boxed elementor-section-height-default elementor-section-height-default\" data-id=\"55f925de\" data-element_type=\"section\" data-settings=\"{&quot;animation&quot;:&quot;none&quot;,&quot;animation_tablet&quot;:&quot;none&quot;,&quot;animation_mobile&quot;:&quot;none&quot;,&quot;ekit_has_onepagescroll_dot&quot;:&quot;yes&quot;}\">\n\t\t\t\t\t\t<div class=\"elementor-container elementor-column-gap-no\">\n\t\t\t\t\t<div class=\"elementor-column elementor-col-50 elementor-top-column elementor-element elementor-element-7fc4130a animated-fast elementor-invisible\" data-id=\"7fc4130a\" data-element_type=\"column\" data-settings=\"{&quot;background_background&quot;:&quot;classic&quot;,&quot;animation&quot;:&quot;fadeIn&quot;,&quot;animation_delay&quot;:100}\">\n\t\t\t<div class=\"elementor-widget-wrap elementor-element-populated\">\n\t\t\t\t\t\t\t\t<div class=\"elementor-element elementor-element-4e7c6acb elementor-widget__width-auto elementor-widget-tablet__width-auto elementor-widget-mobile__width-inherit elementor-widget elementor-widget-heading\" data-id=\"4e7c6acb\" data-element_type=\"widget\" data-settings=\"{&quot;_animation&quot;:&quot;none&quot;,&quot;_animation_delay&quot;:200,&quot;ekit_we_effect_on&quot;:&quot;none&quot;}\" data-widget_type=\"heading.heading_charityfy\">\n\t\t\t\t<div class=\"elementor-widget-container\">\n\t\t\t<h1 class=\"elementor-heading-title elementor-size-default\">Formanyomtatv\u00e1nyok \u00e9s szab\u00e1lyzatok<\/h1>\t\t<\/div>\n\t\t\t\t<\/div>\n\t\t\t\t<div class=\"elementor-element elementor-element-2a6a52d elementor-widget elementor-widget-text-editor\" data-id=\"2a6a52d\" data-element_type=\"widget\" data-settings=\"{&quot;_animation&quot;:&quot;none&quot;,&quot;_animation_delay&quot;:300,&quot;ekit_we_effect_on&quot;:&quot;none&quot;}\" data-widget_type=\"text-editor.default\">\n\t\t\t\t<div class=\"elementor-widget-container\">\n\t\t\t\t\t\t\t<p>Tudjuk, hogy senki sem szeret formanyomtatv\u00e1nyokat t\u00f6lt\u00f6getni \u00e9s szab\u00e1lyzatokat olvasni, de az\u00e9rt m\u00e9gis hasznos, \u00e9ppen ez\u00e9rt \u00f6sszegy\u0171jt\u00f6tt\u00fck a legfontosabbakat. Haszn\u00e1lj\u00e1tok b\u00e1tran \ud83d\ude42<\/p>\t\t\t\t\t\t<\/div>\n\t\t\t\t<\/div>\n\t\t\t\t\t<\/div>\n\t\t<\/div>\n\t\t\t\t<div class=\"elementor-column elementor-col-50 elementor-top-column elementor-element elementor-element-3b5ab089 elementor-hidden-desktop elementor-hidden-tablet elementor-hidden-phone\" data-id=\"3b5ab089\" data-element_type=\"column\">\n\t\t\t<div class=\"elementor-widget-wrap\">\n\t\t\t\t\t\t\t\t\t<\/div>\n\t\t<\/div>\n\t\t\t\t\t\t\t<\/div>\n\t\t<\/section>\n\t\t\t\t<section data-particle_enable=\"false\" data-particle-mobile-disabled=\"false\" class=\"elementor-section elementor-top-section elementor-element elementor-element-a142099 elementor-section-boxed elementor-section-height-default elementor-section-height-default\" data-id=\"a142099\" data-element_type=\"section\" data-settings=\"{&quot;ekit_has_onepagescroll_dot&quot;:&quot;yes&quot;}\">\n\t\t\t\t\t\t<div class=\"elementor-container elementor-column-gap-default\">\n\t\t\t\t\t<div class=\"elementor-column elementor-col-50 elementor-top-column elementor-element elementor-element-797de9c\" data-id=\"797de9c\" data-element_type=\"column\">\n\t\t\t<div class=\"elementor-widget-wrap elementor-element-populated\">\n\t\t\t\t\t\t\t\t<div class=\"elementor-element elementor-element-17a6557 elementor-widget elementor-widget-elementskit-heading\" data-id=\"17a6557\" data-element_type=\"widget\" data-settings=\"{&quot;ekit_we_effect_on&quot;:&quot;none&quot;}\" data-widget_type=\"elementskit-heading.default\">\n\t\t\t\t<div class=\"elementor-widget-container\">\n\t\t\t<div class=\"ekit-wid-con\" ><div class=\"ekit-heading elementskit-section-title-wraper text_left   ekit_heading_tablet-   ekit_heading_mobile-\"><h4 class=\"ekit-heading--title elementskit-section-title \">Szab\u00e1lyzatok<\/h4><div class=\"ekit_heading_separetor_wraper ekit_heading_elementskit-border-divider elementskit-style-long\"><div class=\"elementskit-border-divider elementskit-style-long\"><\/div><\/div><\/div><\/div>\t\t<\/div>\n\t\t\t\t<\/div>\n\t\t\t\t<div class=\"elementor-element elementor-element-373750d elementor-widget elementor-widget-text-editor\" data-id=\"373750d\" data-element_type=\"widget\" data-settings=\"{&quot;ekit_we_effect_on&quot;:&quot;none&quot;}\" data-widget_type=\"text-editor.default\">\n\t\t\t\t<div class=\"elementor-widget-container\">\n\t\t\t\t\t\t\t<p><a href=\"http:\/\/www.ubbcluj.ro\/ro\/studenti\/files\/invatamant\/Regulament_activitate_profesionala_Senat_06.02.2017-1.pdf\" target=\"_blank\" rel=\"noopener\">Kreditek \u00e1tvitel\u00e9nek szab\u00e1lyzata<\/a><\/p><p><a href=\"http:\/\/www.ubbcluj.ro\/ro\/studenti\/burse\/regulament_burse\" target=\"_blank\" rel=\"noopener\">\u00d6szt\u00f6nd\u00edj szab\u00e1lyzat<\/a><\/p><p><a href=\"http:\/\/www.ubbcluj.ro\/ro\/studenti\/campus\/spatii_cazare#cazare_regulamente\" target=\"_blank\" rel=\"noopener\">Bentlak\u00e1s szab\u00e1lyzat<\/a><\/p><p><a href=\"http:\/\/www.ubbcluj.ro\/ro\/programe_academice\/files\/Regulament_examene_finalizare_studii_Senat_06.02.2017.pdf\" target=\"_blank\" rel=\"noopener\">Z\u00e1r\u00f3vizsga szab\u00e1lyzata (licensz, disszert\u00e1ci\u00f3)<\/a><\/p><p><a href=\"https:\/\/www.apubb.ro\/download_file\/view\/113\/503\">Egyetemista \u00fatmutat\u00f3<\/a><\/p><p><a href=\"http:\/\/www.ubbcluj.ro\/ro\/taxe\/regulamente\" target=\"_blank\" rel=\"noopener\">Tand\u00edjak<\/a><\/p><p><a href=\"http:\/\/www.ubbcluj.ro\/ro\/despre\/publice\/files\/Carta_2014.pdf\">Carta UBB<\/a><\/p>\t\t\t\t\t\t<\/div>\n\t\t\t\t<\/div>\n\t\t\t\t\t<\/div>\n\t\t<\/div>\n\t\t\t\t<div class=\"elementor-column elementor-col-50 elementor-top-column elementor-element elementor-element-ed5af08\" data-id=\"ed5af08\" data-element_type=\"column\">\n\t\t\t<div class=\"elementor-widget-wrap elementor-element-populated\">\n\t\t\t\t\t\t\t\t<div class=\"elementor-element elementor-element-5fbf2ba elementor-widget elementor-widget-elementskit-heading\" data-id=\"5fbf2ba\" data-element_type=\"widget\" data-settings=\"{&quot;ekit_we_effect_on&quot;:&quot;none&quot;}\" data-widget_type=\"elementskit-heading.default\">\n\t\t\t\t<div class=\"elementor-widget-container\">\n\t\t\t<div class=\"ekit-wid-con\" ><div class=\"ekit-heading elementskit-section-title-wraper text_left   ekit_heading_tablet-   ekit_heading_mobile-\"><h4 class=\"ekit-heading--title elementskit-section-title \">Formanyomtatv\u00e1nyok<\/h4><div class=\"ekit_heading_separetor_wraper ekit_heading_elementskit-border-divider elementskit-style-long\"><div class=\"elementskit-border-divider elementskit-style-long\"><\/div><\/div><\/div><\/div>\t\t<\/div>\n\t\t\t\t<\/div>\n\t\t\t\t<div class=\"elementor-element elementor-element-107b6f0 elementor-widget elementor-widget-text-editor\" data-id=\"107b6f0\" data-element_type=\"widget\" data-settings=\"{&quot;ekit_we_effect_on&quot;:&quot;none&quot;}\" data-widget_type=\"text-editor.default\">\n\t\t\t\t<div class=\"elementor-widget-container\">\n\t\t\t\t\t\t\t<h4><a href=\"https:\/\/www.apubb.ro\/download_file\/view\/516\/503\"><strong>\u00d6SZT\u00d6ND\u00cdJK\u00c9RELEM<\/strong><\/a><\/h4><p><a href=\"https:\/\/www.apubb.ro\/download_file\/view\/519\/503\">\u00datmutat\u00f3<\/a><\/p><h4><strong>SZOCI\u00c1LIS \u00d6SZT\u00d6ND\u00cdJ<\/strong><\/h4><p><a href=\"http:\/\/fspac.ubbcluj.ro\/wp-content\/uploads\/2012\/09\/declaratie-venituri.pdf\" target=\"_blank\" rel=\"noopener\">J\u00f6vedelem bevall\u00e1s<\/a><\/p><p><a href=\"https:\/\/www.apubb.ro\/download_file\/view\/517\/503\">\u00datmutat\u00f3<\/a><\/p><h4><a href=\"http:\/\/fspac.ubbcluj.ro\/wp-content\/uploads\/2012\/09\/cerere_cazare_2012_FSPAC.pdf\" target=\"_blank\" rel=\"noopener\"><strong>BENTLAK\u00c1S K\u00c9RV\u00c9NY<\/strong><\/a><\/h4><p><a href=\"https:\/\/www.apubb.ro\/download_file\/view\/507\/503\">Jelentkez\u00e9si lap a bentlak\u00e1shoz<\/a><\/p><p><a href=\"https:\/\/www.apubb.ro\/download_file\/view\/505\/503\">Mell\u00e9klet 7<\/a><\/p><p><a href=\"https:\/\/www.apubb.ro\/download_file\/view\/506\/503\">Mell\u00e9klet 8<\/a><\/p><p><a href=\"https:\/\/www.apubb.ro\/download_file\/view\/508\/503\">Mell\u00e9klet 11<\/a><\/p><p><a href=\"https:\/\/www.apubb.ro\/download_file\/view\/509\/503\">Mell\u00e9klet 12<\/a><\/p><h4><strong>SZAKMAI GYAKORLATHOZ SZ\u00dcKS\u00c9GES DOKUMENTUMOK<\/strong><\/h4><p><a href=\"https:\/\/www.apubb.ro\/download_file\/view\/510\/503\">Szakmai gyakorlat meg\u00e1llapod\u00e1s (szervezet \u00e9s egyetem k\u00f6z\u00f6tt) (2 eredeti p\u00e9ld\u00e1ny)<\/a><\/p><p><a href=\"https:\/\/www.apubb.ro\/download_file\/view\/518\/503\">Szakmai gyakorlat egyezm\u00e9ny (szervezet \u00e9s gyakorlatoz\u00f3 di\u00e1k k\u00f6z\u00f6tt) (3 eredeti p\u00e9ld\u00e1ny!)<\/a><\/p><h4><strong>TOV\u00c1BBI DOKUMENTUMOK<\/strong><\/h4><p><a href=\"https:\/\/www.apubb.ro\/download_file\/view\/513\/503\">A bel\u00e9p\u00e9si \u00f6sszeg visszat\u00e9r\u00edt\u00e9se ir\u00e1nti k\u00e9relem<\/a><\/p><p><a href=\"https:\/\/www.apubb.ro\/download_file\/view\/512\/503\">A t\u00f6rleszt\u0151r\u00e9szletek visszat\u00e9r\u00edt\u00e9se ir\u00e1nti k\u00e9relem<\/a><\/p><p><span class=\"redactor-invisible-space\"><a href=\"https:\/\/www.apubb.ro\/download_file\/view\/511\/503\">D\u00edjcs\u00f6kkent\u00e9s ir\u00e1nti k\u00e9relem<\/a><\/span><\/p>\t\t\t\t\t\t<\/div>\n\t\t\t\t<\/div>\n\t\t\t\t\t<\/div>\n\t\t<\/div>\n\t\t\t\t\t\t\t<\/div>\n\t\t<\/section>\n\t\t\t\t<section data-particle_enable=\"false\" data-particle-mobile-disabled=\"false\" class=\"elementor-section elementor-top-section elementor-element elementor-element-b9f4b8a elementor-section-boxed elementor-section-height-default elementor-section-height-default\" data-id=\"b9f4b8a\" data-element_type=\"section\" data-settings=\"{&quot;background_background&quot;:&quot;classic&quot;,&quot;ekit_has_onepagescroll_dot&quot;:&quot;yes&quot;}\">\n\t\t\t\t\t\t<div class=\"elementor-container elementor-column-gap-default\">\n\t\t\t\t\t<div class=\"elementor-column elementor-col-33 elementor-top-column elementor-element elementor-element-8d73897\" data-id=\"8d73897\" data-element_type=\"column\">\n\t\t\t<div class=\"elementor-widget-wrap elementor-element-populated\">\n\t\t\t\t\t\t\t\t<div class=\"elementor-element elementor-element-459808e elementor-widget__width-auto elementor-widget elementor-widget-heading\" data-id=\"459808e\" data-element_type=\"widget\" data-settings=\"{&quot;ekit_we_effect_on&quot;:&quot;none&quot;}\" data-widget_type=\"heading.default\">\n\t\t\t\t<div class=\"elementor-widget-container\">\n\t\t\t<h3 class=\"elementor-heading-title elementor-size-default\">K\u00e9rd\u00e9sed van?<\/h3>\t\t<\/div>\n\t\t\t\t<\/div>\n\t\t\t\t\t<\/div>\n\t\t<\/div>\n\t\t\t\t<div class=\"elementor-column elementor-col-33 elementor-top-column elementor-element elementor-element-dd04b02\" data-id=\"dd04b02\" data-element_type=\"column\">\n\t\t\t<div class=\"elementor-widget-wrap elementor-element-populated\">\n\t\t\t\t\t\t\t\t<div class=\"elementor-element elementor-element-9a32b80 elementor-widget__width-auto elementor-widget elementor-widget-text-editor\" data-id=\"9a32b80\" data-element_type=\"widget\" data-settings=\"{&quot;ekit_we_effect_on&quot;:&quot;none&quot;}\" data-widget_type=\"text-editor.default\">\n\t\t\t\t<div class=\"elementor-widget-container\">\n\t\t\t\t\t\t\t<p>Kerest\u00e9l valamit \u00e9s nem tal\u00e1ltad meg? Semmi gond! Sz\u00f3lj nek\u00fcnk \u00e9s mi seg\u00edt\u00fcnk. Vagy esetleg szeretn\u00e9l beugrani, hogy megn\u00e9zd a tantest\u00fcletet \u00e9s a kampuszt? Remek, tudasd vel\u00fcnk, hogy mikor, \u00e9s mi gondoskodunk a t\u00f6bbir\u0151l!<\/p>\t\t\t\t\t\t<\/div>\n\t\t\t\t<\/div>\n\t\t\t\t\t<\/div>\n\t\t<\/div>\n\t\t\t\t<div class=\"elementor-column elementor-col-33 elementor-top-column elementor-element elementor-element-dfa1013\" data-id=\"dfa1013\" data-element_type=\"column\" data-settings=\"{&quot;background_background&quot;:&quot;classic&quot;}\">\n\t\t\t<div class=\"elementor-widget-wrap elementor-element-populated\">\n\t\t\t\t\t\t\t\t<div class=\"elementor-element elementor-element-f29eef6 elementor-align-justify elementor-mobile-align-left elementor-widget elementor-widget-button\" data-id=\"f29eef6\" data-element_type=\"widget\" data-settings=\"{&quot;ekit_we_effect_on&quot;:&quot;none&quot;}\" data-widget_type=\"button.default\">\n\t\t\t\t<div class=\"elementor-widget-container\">\n\t\t\t\t\t<div class=\"elementor-button-wrapper\">\n\t\t\t<a class=\"elementor-button elementor-button-link elementor-size-sm\" href=\"https:\/\/amp.fspac.ubbcluj.ro\/maghiara\/contact\/\">\n\t\t\t\t\t\t<span class=\"elementor-button-content-wrapper\">\n\t\t\t\t\t\t<span class=\"elementor-button-icon elementor-align-icon-right\">\n\t\t\t\t<i aria-hidden=\"true\" class=\"vamtamtheme- vamtam-theme-arrow-right\"><\/i>\t\t\t<\/span>\n\t\t\t\t\t\t<span class=\"elementor-button-text\">\u00cdrj nek\u00fcnk!<\/span>\n\t\t<\/span>\n\t\t\t\t\t<\/a>\n\t\t<\/div>\n\t\t\t\t<\/div>\n\t\t\t\t<\/div>\n\t\t\t\t\t<\/div>\n\t\t<\/div>\n\t\t\t\t\t\t\t<\/div>\n\t\t<\/section>\n\t\t\t\t\t\t\t<\/div>\n\t\t","protected":false},"excerpt":{"rendered":"<p>Formanyomtatv\u00e1nyok \u00e9s szab\u00e1lyzatok Tudjuk, hogy senki sem szeret formanyomtatv\u00e1nyokat t\u00f6lt\u00f6getni \u00e9s szab\u00e1lyzatokat olvasni, de az\u00e9rt m\u00e9gis hasznos, \u00e9ppen ez\u00e9rt \u00f6sszegy\u0171jt\u00f6tt\u00fck a legfontosabbakat. Haszn\u00e1lj\u00e1tok b\u00e1tran \ud83d\ude42 Szab\u00e1lyzatok Kreditek \u00e1tvitel\u00e9nek szab\u00e1lyzata \u00d6szt\u00f6nd\u00edj szab\u00e1lyzat Bentlak\u00e1s szab\u00e1lyzat Z\u00e1r\u00f3vizsga szab\u00e1lyzata (licensz, disszert\u00e1ci\u00f3) Egyetemista \u00fatmutat\u00f3 Tand\u00edjak Carta UBB Formanyomtatv\u00e1nyok \u00d6SZT\u00d6ND\u00cdJK\u00c9RELEM \u00datmutat\u00f3 SZOCI\u00c1LIS \u00d6SZT\u00d6ND\u00cdJ J\u00f6vedelem bevall\u00e1s \u00datmutat\u00f3 BENTLAK\u00c1S K\u00c9RV\u00c9NY Jelentkez\u00e9si lap a&#8230;<\/p>\n","protected":false},"author":1,"featured_media":0,"parent":0,"menu_order":0,"comment_status":"closed","ping_status":"closed","template":"","meta":{"footnotes":""},"class_list":["post-988693","page","type-page","status-publish","hentry"],"_links":{"self":[{"href":"https:\/\/amp.fspac.ubbcluj.ro\/maghiara\/wp-json\/wp\/v2\/pages\/988693","targetHints":{"allow":["GET"]}}],"collection":[{"href":"https:\/\/amp.fspac.ubbcluj.ro\/maghiara\/wp-json\/wp\/v2\/pages"}],"about":[{"href":"https:\/\/amp.fspac.ubbcluj.ro\/maghiara\/wp-json\/wp\/v2\/types\/page"}],"author":[{"embeddable":true,"href":"https:\/\/amp.fspac.ubbcluj.ro\/maghiara\/wp-json\/wp\/v2\/users\/1"}],"replies":[{"embeddable":true,"href":"https:\/\/amp.fspac.ubbcluj.ro\/maghiara\/wp-json\/wp\/v2\/comments?post=988693"}],"version-history":[{"count":16,"href":"https:\/\/amp.fspac.ubbcluj.ro\/maghiara\/wp-json\/wp\/v2\/pages\/988693\/revisions"}],"predecessor-version":[{"id":989155,"href":"https:\/\/amp.fspac.ubbcluj.ro\/maghiara\/wp-json\/wp\/v2\/pages\/988693\/revisions\/989155"}],"wp:attachment":[{"href":"https:\/\/amp.fspac.ubbcluj.ro\/maghiara\/wp-json\/wp\/v2\/media?parent=988693"}],"curies":[{"name":"wp","href":"https:\/\/api.w.org\/{rel}","templated":true}]}}